{"version":"1.0","provider_name":"Asema Kustannus","provider_url":"https:\/\/www.asemakustannus.com\/kauppa","author_name":"Mika","author_url":"https:\/\/www.asemakustannus.com\/kauppa\/author\/mika\/","title":"Mika Lietzen: J\u00e4rven rannalla, radan varrella - Asema Kustannus","type":"rich","width":600,"height":338,"html":"<blockquote class=\"wp-embedded-content\" data-secret=\"qMDiWibsLi\"><a href=\"https:\/\/www.asemakustannus.com\/kauppa\/tuote\/mika-lietzen-jarven-rannalla-radan-varrella\/\">Mika Lietzen: J\u00e4rven rannalla, radan varrella<\/a><\/blockquote><iframe sandbox=\"allow-scripts\" security=\"restricted\" src=\"https:\/\/www.asemakustannus.com\/kauppa\/tuote\/mika-lietzen-jarven-rannalla-radan-varrella\/embed\/#?secret=qMDiWibsLi\" width=\"600\" height=\"338\" title=\"&#8221;Mika Lietzen: J\u00e4rven rannalla, radan varrella&#8221; &#8212; Asema Kustannus\" data-secret=\"qMDiWibsLi\" frameborder=\"0\" marginwidth=\"0\" marginheight=\"0\" scrolling=\"no\" class=\"wp-embedded-content\"><\/iframe><script>\n\/*! This file is auto-generated *\/\n!function(d,l){\"use strict\";l.querySelector&&d.addEventListener&&\"undefined\"!=typeof URL&&(d.wp=d.wp||{},d.wp.receiveEmbedMessage||(d.wp.receiveEmbedMessage=function(e){var t=e.data;if((t||t.secret||t.message||t.value)&&!\/[^a-zA-Z0-9]\/.test(t.secret)){for(var s,r,n,a=l.querySelectorAll('iframe[data-secret=\"'+t.secret+'\"]'),o=l.querySelectorAll('blockquote[data-secret=\"'+t.secret+'\"]'),c=new RegExp(\"^https?:$\",\"i\"),i=0;i<o.length;i++)o[i].style.display=\"none\";for(i=0;i<a.length;i++)s=a[i],e.source===s.contentWindow&&(s.removeAttribute(\"style\"),\"height\"===t.message?(1e3<(r=parseInt(t.value,10))?r=1e3:~~r<200&&(r=200),s.height=r):\"link\"===t.message&&(r=new URL(s.getAttribute(\"src\")),n=new URL(t.value),c.test(n.protocol))&&n.host===r.host&&l.activeElement===s&&(d.top.location.href=t.value))}},d.addEventListener(\"message\",d.wp.receiveEmbedMessage,!1),l.addEventListener(\"DOMContentLoaded\",function(){for(var e,t,s=l.querySelectorAll(\"iframe.wp-embedded-content\"),r=0;r<s.length;r++)(t=(e=s[r]).getAttribute(\"data-secret\"))||(t=Math.random().toString(36).substring(2,12),e.src+=\"#?secret=\"+t,e.setAttribute(\"data-secret\",t)),e.contentWindow.postMessage({message:\"ready\",secret:t},\"*\")},!1)))}(window,document);\n\/\/# sourceURL=https:\/\/www.asemakustannus.com\/kauppa\/wp-includes\/js\/wp-embed.min.js\n<\/script>\n","thumbnail_url":"https:\/\/www.asemakustannus.com\/kauppa\/wp-content\/uploads\/2026\/04\/Jarvenrannalla_radanvarrella_kansi_RGB-scaled.jpg","thumbnail_width":1923,"thumbnail_height":2560,"description":"75 vuotta sitten J\u00e4rvenp\u00e4\u00e4n kyl\u00e4 aloitti matkansa nykyiseksi kaupungiksi. Mutta tarina alkoi jo aiemmin. T\u00e4m\u00e4 on kertomus siit\u00e4, miten er\u00e4maa muuttui asutuksi. Maatalouden uudistajasta, josta tuli taajaman rakentaja. Sinnikkyydest\u00e4, jonka seurauksena entisille pelloille nousi elinvoimainen yhdyskunta. Yritteli\u00e4isyydest\u00e4, joka synnytti ty\u00f6t\u00e4 ja osaamista. Inspiraatiosta, joka loi taidetta, sykett\u00e4 ja sinfoniaa. Ihmisist\u00e4, jotka rakensivat el\u00e4m\u00e4ns\u00e4 ja kotinsa t\u00e4nne j\u00e4rven rannalle, radan varrelle. T\u00e4m\u00e4 on j\u00e4rvenp\u00e4\u00e4l\u00e4isten tarina."}

Mika Lietzen: Järven rannalla, radan varrella - Asema Kustannus

<blockquote class="wp-embedded-content" data-secret="qMDiWibsLi"><a href="https://www.asemakustannus.com/kauppa/tuote/mika-lietzen-jarven-rannalla-radan-varrella/">Mika Lietzen: Järven rannalla, radan varrella</a></blockquote><iframe sandbox="allow-scripts" security="restricted" src="https://www.asemakustannus.com/kauppa/tuote/mika-lietzen-jarven-rannalla-radan-varrella/embed/#?secret=qMDiWibsLi" width="600" height="338" title="&#8221;Mika Lietzen: Järven rannalla, radan varrella&#8221; &#8212; Asema Kustannus" data-secret="qMDiWibsLi" frameborder="0" marginwidth="0" marginheight="0" scrolling="no" class="wp-embedded-content"></iframe><script>
/*! This file is auto-generated */
!function(d,l){"use strict";l.querySelector&&d.addEventListener&&"undefined"!=typeof URL&&(d.wp=d.wp||{},d.wp.receiveEmbedMessage||(d.wp.receiveEmbedMessage=function(e){var t=e.data;if((t||t.secret||t.message||t.value)&&!/[^a-zA-Z0-9]/.test(t.secret)){for(var s,r,n,a=l.querySelectorAll('iframe[data-secret="'+t.secret+'"]'),o=l.querySelectorAll('blockquote[data-secret="'+t.secret+'"]'),c=new RegExp("^https?:$","i"),i=0;i<o.length;i++)o[i].style.display="none";for(i=0;i<a.length;i++)s=a[i],e.source===s.contentWindow&&(s.removeAttribute("style"),"height"===t.message?(1e3<(r=parseInt(t.value,10))?r=1e3:~~r<200&&(r=200),s.height=r):"link"===t.message&&(r=new URL(s.getAttribute("src")),n=new URL(t.value),c.test(n.protocol))&&n.host===r.host&&l.activeElement===s&&(d.top.location.href=t.value))}},d.addEventListener("message",d.wp.receiveEmbedMessage,!1),l.addEventListener("DOMContentLoaded",function(){for(var e,t,s=l.querySelectorAll("iframe.wp-embedded-content"),r=0;r<s.length;r++)(t=(e=s[r]).getAttribute("data-secret"))||(t=Math.random().toString(36).substring(2,12),e.src+="#?secret="+t,e.setAttribute("data-secret",t)),e.contentWindow.postMessage({message:"ready",secret:t},"*")},!1)))}(window,document);
//# sourceURL=https://www.asemakustannus.com/kauppa/wp-includes/js/wp-embed.min.js
</script>

75 vuotta sitten Järvenpään kylä aloitti matkansa nykyiseksi kaupungiksi. Mutta tarina alkoi jo aiemmin. Tämä on kertomus siitä, miten erämaa muuttui asutuksi. Maatalouden uudistajasta, josta tuli taajaman rakentaja. Sinnikkyydestä, jonka seurauksena entisille pelloille nousi elinvoimainen yhdyskunta. Yritteliäisyydestä, joka synnytti työtä ja osaamista. Inspiraatiosta, joka loi taidetta, sykettä ja sinfoniaa. Ihmisistä, jotka rakensivat elämänsä ja kotinsa tänne järven rannalle, radan varrelle. Tämä on järvenpääläisten tarina.
