{"id":241,"date":"2021-03-22T10:40:34","date_gmt":"2021-03-22T08:40:34","guid":{"rendered":"https:\/\/www.asemakustannus.com\/kauppa\/?post_type=product&#038;p=241"},"modified":"2021-07-13T10:18:25","modified_gmt":"2021-07-13T07:18:25","slug":"laikku-05-kotimaiset-kuvasarjat-1900-1945","status":"publish","type":"product","link":"https:\/\/www.asemakustannus.com\/kauppa\/tuote\/laikku-05-kotimaiset-kuvasarjat-1900-1945\/","title":{"rendered":"Laikku 05: Kotimaiset kuvasarjat 1900\u20131945"},"content":{"rendered":"<p>Toimitus: Mika Lietz\u00e9n<\/p>\n<p>128 sivua | mustavalkoinen | pehme\u00e4kantinen<\/p>\n<p>ISBN 952-99407-5-0<\/p>\n<p>Asema 2005<\/p>\n<p>Kotimaiset kuvasarjat 1900-1945 sis\u00e4lt\u00e4\u00e4 kirjoituksia ja runsaasti sarjakuvan\u00e4ytteit\u00e4 vanhoista kotimaisista sarjakuvista 1900-luvun alkupuolelta sotavuosiin saakka. Suurinta osaa materiaalista ei ole ollut n\u00e4ht\u00e4vill\u00e4 yli viiteenkymmeneen vuoteen!<\/p>\n<p>Mukana kokonaisia, usean sivun n\u00e4ytejaksoja esimerkiksi Ami Hauhion sarjoista\u00a0<em>Ismo Lento &#8211; Rajaseudun poika<\/em>\u00a0(1942) ja\u00a0<em>Koltan perint\u00f6<\/em>\u00a0(1944), Egon Meurosen\u00a0<em>Sy\u00f6ksypommittajista<\/em>\u00a0(1943), Poika Vesannon\u00a0<em>Saku S\u00e4mpyl\u00e4st\u00e4<\/em>\u00a0(1933-34) sek\u00e4 Akseli Halosen\u00a0<em>Pulliaisesta<\/em>\u00a0(1927-29).<\/p>\n<p>Esittelyss\u00e4 tekij\u00e4t\u00a0<strong>Veli Giovanni<\/strong>,\u00a0<strong>Akseli Halonen<\/strong>,\u00a0<strong>Ami Hauhio<\/strong>,\u00a0<strong>Hjalmar L\u00f6fving<\/strong>,\u00a0<strong>Egon Meuronen<\/strong>,\u00a0<strong>Alexander Tawitz<\/strong>,\u00a0<strong>G\u00f6sta Thil\u00e9n<\/strong>,\u00a0<strong>Poika Vesanto<\/strong>\u00a0ja\u00a0<strong>Olavi Vikainen<\/strong>.<\/p>\n<p>Esittelij\u00f6in\u00e4\u00a0<strong>Vesa Kataisto<\/strong>,\u00a0<strong>Ville H\u00e4nninen<\/strong>,\u00a0<strong>Heikki Jokinen<\/strong>,\u00a0<strong>Jari Lehtinen<\/strong>,\u00a0<strong>Petri Kemppinen<\/strong>,\u00a0<strong>Timo Ronkainen<\/strong>\u00a0ja\u00a0<strong>Kimmo Rantanen<\/strong>.<\/p>\n","protected":false},"excerpt":{"rendered":"<p>Toimitus: Mika Lietz\u00e9n 128 sivua | mustavalkoinen | pehme\u00e4kantinen ISBN 952-99407-5-0 Asema 2005 Kotimaiset kuvasarjat 1900-1945 sis\u00e4lt\u00e4\u00e4 kirjoituksia ja runsaasti sarjakuvan\u00e4ytteit\u00e4 vanhoista kotimaisista sarjakuvista 1900-luvun alkupuolelta sotavuosiin saakka. Suurinta osaa materiaalista ei ole ollut n\u00e4ht\u00e4vill\u00e4 yli viiteenkymmeneen vuoteen! Mukana kokonaisia, usean sivun n\u00e4ytejaksoja esimerkiksi Ami Hauhion sarjoista\u00a0Ismo Lento &#8211; Rajaseudun poika\u00a0(1942) ja\u00a0Koltan perint\u00f6\u00a0(1944), Egon Meurosen\u00a0Sy\u00f6ksypommittajista\u00a0(1943), [&hellip;]<\/p>\n","protected":false},"featured_media":232,"template":"","meta":[],"product_brand":[],"product_cat":[42,38],"product_tag":[],"class_list":{"0":"post-241","1":"product","2":"type-product","3":"status-publish","4":"has-post-thumbnail","6":"product_cat-antologiat","7":"product_cat-kirjat","8":"product_shipping_class-xxspaketti","10":"first","11":"outofstock","12":"shipping-taxable","13":"purchasable","14":"product-type-simple"},"yoast_head":"<!-- This site is optimized with the Yoast SEO plugin v27.3 - https:\/\/yoast.com\/product\/yoast-seo-wordpress\/ -->\n<title>Laikku 05: Kotimaiset kuvasarjat 1900\u20131945 - Asema Kustannus<\/title>\n<meta name=\"robots\" content=\"index, follow, max-snippet:-1, max-image-preview:large, max-video-preview:-1\" \/>\n<link rel=\"canonical\" href=\"https:\/\/www.asemakustannus.com\/kauppa\/tuote\/laikku-05-kotimaiset-kuvasarjat-1900-1945\/\" \/>\n<meta property=\"og:locale\" content=\"fi_FI\" \/>\n<meta property=\"og:type\" content=\"article\" \/>\n<meta property=\"og:title\" content=\"Laikku 05: Kotimaiset kuvasarjat 1900\u20131945 - Asema Kustannus\" \/>\n<meta property=\"og:description\" content=\"Toimitus: Mika Lietz\u00e9n 128 sivua | mustavalkoinen | pehme\u00e4kantinen ISBN 952-99407-5-0 Asema 2005 Kotimaiset kuvasarjat 1900-1945 sis\u00e4lt\u00e4\u00e4 kirjoituksia ja runsaasti sarjakuvan\u00e4ytteit\u00e4 vanhoista kotimaisista sarjakuvista 1900-luvun alkupuolelta sotavuosiin saakka. Suurinta osaa materiaalista ei ole ollut n\u00e4ht\u00e4vill\u00e4 yli viiteenkymmeneen vuoteen! Mukana kokonaisia, usean sivun n\u00e4ytejaksoja esimerkiksi Ami Hauhion sarjoista\u00a0Ismo Lento &#8211; Rajaseudun poika\u00a0(1942) ja\u00a0Koltan perint\u00f6\u00a0(1944), Egon Meurosen\u00a0Sy\u00f6ksypommittajista\u00a0(1943), [&hellip;]\" \/>\n<meta property=\"og:url\" content=\"https:\/\/www.asemakustannus.com\/kauppa\/tuote\/laikku-05-kotimaiset-kuvasarjat-1900-1945\/\" \/>\n<meta property=\"og:site_name\" content=\"Asema Kustannus\" \/>\n<meta property=\"article:publisher\" content=\"https:\/\/www.facebook.com\/asemakustannus\" \/>\n<meta property=\"article:modified_time\" content=\"2021-07-13T07:18:25+00:00\" \/>\n<meta property=\"og:image\" content=\"https:\/\/www.asemakustannus.com\/kauppa\/wp-content\/uploads\/2021\/03\/LAIKKU05-ISO.jpg\" \/>\n\t<meta property=\"og:image:width\" content=\"400\" \/>\n\t<meta property=\"og:image:height\" content=\"569\" \/>\n\t<meta property=\"og:image:type\" content=\"image\/jpeg\" \/>\n<meta name=\"twitter:card\" content=\"summary_large_image\" \/>\n<meta name=\"twitter:site\" content=\"@asemakustannus\" \/>\n<meta name=\"twitter:label1\" content=\"Arvioitu lukuaika\" \/>\n\t<meta name=\"twitter:data1\" content=\"1 minuutti\" \/>\n<script type=\"application\/ld+json\" class=\"yoast-schema-graph\">{\"@context\":\"https:\\\/\\\/schema.org\",\"@graph\":[{\"@type\":\"WebPage\",\"@id\":\"https:\\\/\\\/www.asemakustannus.com\\\/kauppa\\\/tuote\\\/laikku-05-kotimaiset-kuvasarjat-1900-1945\\\/\",\"url\":\"https:\\\/\\\/www.asemakustannus.com\\\/kauppa\\\/tuote\\\/laikku-05-kotimaiset-kuvasarjat-1900-1945\\\/\",\"name\":\"Laikku 05: Kotimaiset kuvasarjat 1900\u20131945 - Asema Kustannus\",\"isPartOf\":{\"@id\":\"https:\\\/\\\/www.asemakustannus.com\\\/kauppa\\\/#website\"},\"primaryImageOfPage\":{\"@id\":\"https:\\\/\\\/www.asemakustannus.com\\\/kauppa\\\/tuote\\\/laikku-05-kotimaiset-kuvasarjat-1900-1945\\\/#primaryimage\"},\"image\":{\"@id\":\"https:\\\/\\\/www.asemakustannus.com\\\/kauppa\\\/tuote\\\/laikku-05-kotimaiset-kuvasarjat-1900-1945\\\/#primaryimage\"},\"thumbnailUrl\":\"https:\\\/\\\/i0.wp.com\\\/www.asemakustannus.com\\\/kauppa\\\/wp-content\\\/uploads\\\/2021\\\/03\\\/LAIKKU05-ISO.jpg?fit=400%2C569&ssl=1\",\"datePublished\":\"2021-03-22T08:40:34+00:00\",\"dateModified\":\"2021-07-13T07:18:25+00:00\",\"breadcrumb\":{\"@id\":\"https:\\\/\\\/www.asemakustannus.com\\\/kauppa\\\/tuote\\\/laikku-05-kotimaiset-kuvasarjat-1900-1945\\\/#breadcrumb\"},\"inLanguage\":\"fi\",\"potentialAction\":[{\"@type\":\"ReadAction\",\"target\":[\"https:\\\/\\\/www.asemakustannus.com\\\/kauppa\\\/tuote\\\/laikku-05-kotimaiset-kuvasarjat-1900-1945\\\/\"]}]},{\"@type\":\"ImageObject\",\"inLanguage\":\"fi\",\"@id\":\"https:\\\/\\\/www.asemakustannus.com\\\/kauppa\\\/tuote\\\/laikku-05-kotimaiset-kuvasarjat-1900-1945\\\/#primaryimage\",\"url\":\"https:\\\/\\\/i0.wp.com\\\/www.asemakustannus.com\\\/kauppa\\\/wp-content\\\/uploads\\\/2021\\\/03\\\/LAIKKU05-ISO.jpg?fit=400%2C569&ssl=1\",\"contentUrl\":\"https:\\\/\\\/i0.wp.com\\\/www.asemakustannus.com\\\/kauppa\\\/wp-content\\\/uploads\\\/2021\\\/03\\\/LAIKKU05-ISO.jpg?fit=400%2C569&ssl=1\",\"width\":400,\"height\":569},{\"@type\":\"BreadcrumbList\",\"@id\":\"https:\\\/\\\/www.asemakustannus.com\\\/kauppa\\\/tuote\\\/laikku-05-kotimaiset-kuvasarjat-1900-1945\\\/#breadcrumb\",\"itemListElement\":[{\"@type\":\"ListItem\",\"position\":1,\"name\":\"Home\",\"item\":\"https:\\\/\\\/www.asemakustannus.com\\\/kauppa\\\/\"},{\"@type\":\"ListItem\",\"position\":2,\"name\":\"Kauppa\",\"item\":\"https:\\\/\\\/www.asemakustannus.com\\\/kauppa\\\/kauppa\\\/\"},{\"@type\":\"ListItem\",\"position\":3,\"name\":\"Laikku 05: Kotimaiset kuvasarjat 1900\u20131945\"}]},{\"@type\":\"WebSite\",\"@id\":\"https:\\\/\\\/www.asemakustannus.com\\\/kauppa\\\/#website\",\"url\":\"https:\\\/\\\/www.asemakustannus.com\\\/kauppa\\\/\",\"name\":\"Asema Kustannus\",\"description\":\"Sarjakuvakauppa\",\"publisher\":{\"@id\":\"https:\\\/\\\/www.asemakustannus.com\\\/kauppa\\\/#organization\"},\"potentialAction\":[{\"@type\":\"SearchAction\",\"target\":{\"@type\":\"EntryPoint\",\"urlTemplate\":\"https:\\\/\\\/www.asemakustannus.com\\\/kauppa\\\/?s={search_term_string}\"},\"query-input\":{\"@type\":\"PropertyValueSpecification\",\"valueRequired\":true,\"valueName\":\"search_term_string\"}}],\"inLanguage\":\"fi\"},{\"@type\":\"Organization\",\"@id\":\"https:\\\/\\\/www.asemakustannus.com\\\/kauppa\\\/#organization\",\"name\":\"Asema Kustannus\",\"url\":\"https:\\\/\\\/www.asemakustannus.com\\\/kauppa\\\/\",\"logo\":{\"@type\":\"ImageObject\",\"inLanguage\":\"fi\",\"@id\":\"https:\\\/\\\/www.asemakustannus.com\\\/kauppa\\\/#\\\/schema\\\/logo\\\/image\\\/\",\"url\":\"https:\\\/\\\/www.asemakustannus.com\\\/kauppa\\\/wp-content\\\/uploads\\\/2021\\\/09\\\/181007768_141578281313342_8780310787852686686_n-1.jpeg\",\"contentUrl\":\"https:\\\/\\\/www.asemakustannus.com\\\/kauppa\\\/wp-content\\\/uploads\\\/2021\\\/09\\\/181007768_141578281313342_8780310787852686686_n-1.jpeg\",\"width\":300,\"height\":333,\"caption\":\"Asema Kustannus\"},\"image\":{\"@id\":\"https:\\\/\\\/www.asemakustannus.com\\\/kauppa\\\/#\\\/schema\\\/logo\\\/image\\\/\"},\"sameAs\":[\"https:\\\/\\\/www.facebook.com\\\/asemakustannus\",\"https:\\\/\\\/x.com\\\/asemakustannus\",\"https:\\\/\\\/www.instagram.com\\\/asemakustannus\\\/\"]}]}<\/script>\n<!-- \/ Yoast SEO plugin. -->","yoast_head_json":{"title":"Laikku 05: Kotimaiset kuvasarjat 1900\u20131945 - Asema Kustannus","robots":{"index":"index","follow":"follow","max-snippet":"max-snippet:-1","max-image-preview":"max-image-preview:large","max-video-preview":"max-video-preview:-1"},"canonical":"https:\/\/www.asemakustannus.com\/kauppa\/tuote\/laikku-05-kotimaiset-kuvasarjat-1900-1945\/","og_locale":"fi_FI","og_type":"article","og_title":"Laikku 05: Kotimaiset kuvasarjat 1900\u20131945 - Asema Kustannus","og_description":"Toimitus: Mika Lietz\u00e9n 128 sivua | mustavalkoinen | pehme\u00e4kantinen ISBN 952-99407-5-0 Asema 2005 Kotimaiset kuvasarjat 1900-1945 sis\u00e4lt\u00e4\u00e4 kirjoituksia ja runsaasti sarjakuvan\u00e4ytteit\u00e4 vanhoista kotimaisista sarjakuvista 1900-luvun alkupuolelta sotavuosiin saakka. Suurinta osaa materiaalista ei ole ollut n\u00e4ht\u00e4vill\u00e4 yli viiteenkymmeneen vuoteen! Mukana kokonaisia, usean sivun n\u00e4ytejaksoja esimerkiksi Ami Hauhion sarjoista\u00a0Ismo Lento &#8211; Rajaseudun poika\u00a0(1942) ja\u00a0Koltan perint\u00f6\u00a0(1944), Egon Meurosen\u00a0Sy\u00f6ksypommittajista\u00a0(1943), [&hellip;]","og_url":"https:\/\/www.asemakustannus.com\/kauppa\/tuote\/laikku-05-kotimaiset-kuvasarjat-1900-1945\/","og_site_name":"Asema Kustannus","article_publisher":"https:\/\/www.facebook.com\/asemakustannus","article_modified_time":"2021-07-13T07:18:25+00:00","og_image":[{"width":400,"height":569,"url":"https:\/\/www.asemakustannus.com\/kauppa\/wp-content\/uploads\/2021\/03\/LAIKKU05-ISO.jpg","type":"image\/jpeg"}],"twitter_card":"summary_large_image","twitter_site":"@asemakustannus","twitter_misc":{"Arvioitu lukuaika":"1 minuutti"},"schema":{"@context":"https:\/\/schema.org","@graph":[{"@type":"WebPage","@id":"https:\/\/www.asemakustannus.com\/kauppa\/tuote\/laikku-05-kotimaiset-kuvasarjat-1900-1945\/","url":"https:\/\/www.asemakustannus.com\/kauppa\/tuote\/laikku-05-kotimaiset-kuvasarjat-1900-1945\/","name":"Laikku 05: Kotimaiset kuvasarjat 1900\u20131945 - Asema Kustannus","isPartOf":{"@id":"https:\/\/www.asemakustannus.com\/kauppa\/#website"},"primaryImageOfPage":{"@id":"https:\/\/www.asemakustannus.com\/kauppa\/tuote\/laikku-05-kotimaiset-kuvasarjat-1900-1945\/#primaryimage"},"image":{"@id":"https:\/\/www.asemakustannus.com\/kauppa\/tuote\/laikku-05-kotimaiset-kuvasarjat-1900-1945\/#primaryimage"},"thumbnailUrl":"https:\/\/i0.wp.com\/www.asemakustannus.com\/kauppa\/wp-content\/uploads\/2021\/03\/LAIKKU05-ISO.jpg?fit=400%2C569&ssl=1","datePublished":"2021-03-22T08:40:34+00:00","dateModified":"2021-07-13T07:18:25+00:00","breadcrumb":{"@id":"https:\/\/www.asemakustannus.com\/kauppa\/tuote\/laikku-05-kotimaiset-kuvasarjat-1900-1945\/#breadcrumb"},"inLanguage":"fi","potentialAction":[{"@type":"ReadAction","target":["https:\/\/www.asemakustannus.com\/kauppa\/tuote\/laikku-05-kotimaiset-kuvasarjat-1900-1945\/"]}]},{"@type":"ImageObject","inLanguage":"fi","@id":"https:\/\/www.asemakustannus.com\/kauppa\/tuote\/laikku-05-kotimaiset-kuvasarjat-1900-1945\/#primaryimage","url":"https:\/\/i0.wp.com\/www.asemakustannus.com\/kauppa\/wp-content\/uploads\/2021\/03\/LAIKKU05-ISO.jpg?fit=400%2C569&ssl=1","contentUrl":"https:\/\/i0.wp.com\/www.asemakustannus.com\/kauppa\/wp-content\/uploads\/2021\/03\/LAIKKU05-ISO.jpg?fit=400%2C569&ssl=1","width":400,"height":569},{"@type":"BreadcrumbList","@id":"https:\/\/www.asemakustannus.com\/kauppa\/tuote\/laikku-05-kotimaiset-kuvasarjat-1900-1945\/#breadcrumb","itemListElement":[{"@type":"ListItem","position":1,"name":"Home","item":"https:\/\/www.asemakustannus.com\/kauppa\/"},{"@type":"ListItem","position":2,"name":"Kauppa","item":"https:\/\/www.asemakustannus.com\/kauppa\/kauppa\/"},{"@type":"ListItem","position":3,"name":"Laikku 05: Kotimaiset kuvasarjat 1900\u20131945"}]},{"@type":"WebSite","@id":"https:\/\/www.asemakustannus.com\/kauppa\/#website","url":"https:\/\/www.asemakustannus.com\/kauppa\/","name":"Asema Kustannus","description":"Sarjakuvakauppa","publisher":{"@id":"https:\/\/www.asemakustannus.com\/kauppa\/#organization"},"potentialAction":[{"@type":"SearchAction","target":{"@type":"EntryPoint","urlTemplate":"https:\/\/www.asemakustannus.com\/kauppa\/?s={search_term_string}"},"query-input":{"@type":"PropertyValueSpecification","valueRequired":true,"valueName":"search_term_string"}}],"inLanguage":"fi"},{"@type":"Organization","@id":"https:\/\/www.asemakustannus.com\/kauppa\/#organization","name":"Asema Kustannus","url":"https:\/\/www.asemakustannus.com\/kauppa\/","logo":{"@type":"ImageObject","inLanguage":"fi","@id":"https:\/\/www.asemakustannus.com\/kauppa\/#\/schema\/logo\/image\/","url":"https:\/\/www.asemakustannus.com\/kauppa\/wp-content\/uploads\/2021\/09\/181007768_141578281313342_8780310787852686686_n-1.jpeg","contentUrl":"https:\/\/www.asemakustannus.com\/kauppa\/wp-content\/uploads\/2021\/09\/181007768_141578281313342_8780310787852686686_n-1.jpeg","width":300,"height":333,"caption":"Asema Kustannus"},"image":{"@id":"https:\/\/www.asemakustannus.com\/kauppa\/#\/schema\/logo\/image\/"},"sameAs":["https:\/\/www.facebook.com\/asemakustannus","https:\/\/x.com\/asemakustannus","https:\/\/www.instagram.com\/asemakustannus\/"]}]}},"jetpack_sharing_enabled":true,"_links":{"self":[{"href":"https:\/\/www.asemakustannus.com\/kauppa\/wp-json\/wp\/v2\/product\/241","targetHints":{"allow":["GET"]}}],"collection":[{"href":"https:\/\/www.asemakustannus.com\/kauppa\/wp-json\/wp\/v2\/product"}],"about":[{"href":"https:\/\/www.asemakustannus.com\/kauppa\/wp-json\/wp\/v2\/types\/product"}],"wp:featuredmedia":[{"embeddable":true,"href":"https:\/\/www.asemakustannus.com\/kauppa\/wp-json\/wp\/v2\/media\/232"}],"wp:attachment":[{"href":"https:\/\/www.asemakustannus.com\/kauppa\/wp-json\/wp\/v2\/media?parent=241"}],"wp:term":[{"taxonomy":"product_brand","embeddable":true,"href":"https:\/\/www.asemakustannus.com\/kauppa\/wp-json\/wp\/v2\/product_brand?post=241"},{"taxonomy":"product_cat","embeddable":true,"href":"https:\/\/www.asemakustannus.com\/kauppa\/wp-json\/wp\/v2\/product_cat?post=241"},{"taxonomy":"product_tag","embeddable":true,"href":"https:\/\/www.asemakustannus.com\/kauppa\/wp-json\/wp\/v2\/product_tag?post=241"}],"curies":[{"name":"wp","href":"https:\/\/api.w.org\/{rel}","templated":true}]}}