{"id":279,"date":"2021-03-22T13:15:05","date_gmt":"2021-03-22T11:15:05","guid":{"rendered":"https:\/\/www.asemakustannus.com\/kauppa\/?post_type=product&#038;p=279"},"modified":"2021-09-10T14:49:17","modified_gmt":"2021-09-10T11:49:17","slug":"tarinoita-lannesta","status":"publish","type":"product","link":"https:\/\/www.asemakustannus.com\/kauppa\/tuote\/tarinoita-lannesta\/","title":{"rendered":"Mika Lietz\u00e9n: Tarinoita l\u00e4nnest\u00e4"},"content":{"rendered":"<p>100 sivua | mustavalkoinen | pehme\u00e4kantinen<\/p>\n<p>ISBN 978-952-99923-0-0<\/p>\n<p>Asema 2007<\/p>\n<p><em>Tarinoita l\u00e4nnest\u00e4<\/em>\u00a0on palkitun turkulaisen sarjakuvataiteilija <strong>Mika Lietz\u00e9nin<\/strong> uusi teos, joka koostuu nelj\u00e4st\u00e4 pitk\u00e4st\u00e4 sarjakuvanovellista. Eri puolille Turkua sijoittuvat novellit ovat kamarin\u00e4ytelmien muotoisia kuvauksia miehist\u00e4 ja naisista, isist\u00e4 ja \u00e4ideist\u00e4, aviomiehist\u00e4 ja vaimoista, rakastajista ja rakastetuista, lapsista ja kadulle sammuneista juopoista.<\/p>\n<p><em>Tarinoita l\u00e4nnest\u00e4<\/em>\u00a0on hillityn arkinen, mutta samalla henke\u00e4salpaavan kaunis teos, aivan kuin el\u00e4m\u00e4 itse. Rajun mustavalkoinen viiva antaa henkil\u00f6ille todelliset kasvot. V\u00e4h\u00e4eleinen, mutta paljon puhuva kerronta tuo esiin heid\u00e4n intiimeimm\u00e4t mielenliikkeens\u00e4.<\/p>\n<p>Novelleja, jotka vain sattuvat olemaan sarjakuvaa.<\/p>\n","protected":false},"excerpt":{"rendered":"<p>100 sivua | mustavalkoinen | pehme\u00e4kantinen ISBN 978-952-99923-0-0 Asema 2007 Tarinoita l\u00e4nnest\u00e4\u00a0on palkitun turkulaisen sarjakuvataiteilija Mika Lietz\u00e9nin uusi teos, joka koostuu nelj\u00e4st\u00e4 pitk\u00e4st\u00e4 sarjakuvanovellista. Eri puolille Turkua sijoittuvat novellit ovat kamarin\u00e4ytelmien muotoisia kuvauksia miehist\u00e4 ja naisista, isist\u00e4 ja \u00e4ideist\u00e4, aviomiehist\u00e4 ja vaimoista, rakastajista ja rakastetuista, lapsista ja kadulle sammuneista juopoista. Tarinoita l\u00e4nnest\u00e4\u00a0on hillityn arkinen, mutta [&hellip;]<\/p>\n","protected":false},"featured_media":286,"template":"","meta":[],"product_brand":[],"product_cat":[38],"product_tag":[48],"class_list":{"0":"post-279","1":"product","2":"type-product","3":"status-publish","4":"has-post-thumbnail","6":"product_cat-kirjat","7":"product_tag-mika-lietzen","8":"product_shipping_class-xxspaketti","10":"first","11":"instock","12":"shipping-taxable","13":"purchasable","14":"product-type-simple"},"yoast_head":"<!-- This site is optimized with the Yoast SEO plugin v27.3 - https:\/\/yoast.com\/product\/yoast-seo-wordpress\/ -->\n<title>Mika Lietz\u00e9n: Tarinoita l\u00e4nnest\u00e4 - Asema Kustannus<\/title>\n<meta name=\"robots\" content=\"index, follow, max-snippet:-1, max-image-preview:large, max-video-preview:-1\" \/>\n<link rel=\"canonical\" href=\"https:\/\/www.asemakustannus.com\/kauppa\/tuote\/tarinoita-lannesta\/\" \/>\n<meta property=\"og:locale\" content=\"fi_FI\" \/>\n<meta property=\"og:type\" content=\"article\" \/>\n<meta property=\"og:title\" content=\"Mika Lietz\u00e9n: Tarinoita l\u00e4nnest\u00e4 - Asema Kustannus\" \/>\n<meta property=\"og:description\" content=\"100 sivua | mustavalkoinen | pehme\u00e4kantinen ISBN 978-952-99923-0-0 Asema 2007 Tarinoita l\u00e4nnest\u00e4\u00a0on palkitun turkulaisen sarjakuvataiteilija Mika Lietz\u00e9nin uusi teos, joka koostuu nelj\u00e4st\u00e4 pitk\u00e4st\u00e4 sarjakuvanovellista. Eri puolille Turkua sijoittuvat novellit ovat kamarin\u00e4ytelmien muotoisia kuvauksia miehist\u00e4 ja naisista, isist\u00e4 ja \u00e4ideist\u00e4, aviomiehist\u00e4 ja vaimoista, rakastajista ja rakastetuista, lapsista ja kadulle sammuneista juopoista. Tarinoita l\u00e4nnest\u00e4\u00a0on hillityn arkinen, mutta [&hellip;]\" \/>\n<meta property=\"og:url\" content=\"https:\/\/www.asemakustannus.com\/kauppa\/tuote\/tarinoita-lannesta\/\" \/>\n<meta property=\"og:site_name\" content=\"Asema Kustannus\" \/>\n<meta property=\"article:publisher\" content=\"https:\/\/www.facebook.com\/asemakustannus\" \/>\n<meta property=\"article:modified_time\" content=\"2021-09-10T11:49:17+00:00\" \/>\n<meta property=\"og:image\" content=\"https:\/\/www.asemakustannus.com\/kauppa\/wp-content\/uploads\/2021\/03\/TARINOITA-ISO.jpg\" \/>\n\t<meta property=\"og:image:width\" content=\"450\" \/>\n\t<meta property=\"og:image:height\" content=\"643\" \/>\n\t<meta property=\"og:image:type\" content=\"image\/jpeg\" \/>\n<meta name=\"twitter:card\" content=\"summary_large_image\" \/>\n<meta name=\"twitter:site\" content=\"@asemakustannus\" \/>\n<meta name=\"twitter:label1\" content=\"Arvioitu lukuaika\" \/>\n\t<meta name=\"twitter:data1\" content=\"1 minuutti\" \/>\n<script type=\"application\/ld+json\" class=\"yoast-schema-graph\">{\"@context\":\"https:\\\/\\\/schema.org\",\"@graph\":[{\"@type\":\"WebPage\",\"@id\":\"https:\\\/\\\/www.asemakustannus.com\\\/kauppa\\\/tuote\\\/tarinoita-lannesta\\\/\",\"url\":\"https:\\\/\\\/www.asemakustannus.com\\\/kauppa\\\/tuote\\\/tarinoita-lannesta\\\/\",\"name\":\"Mika Lietz\u00e9n: Tarinoita l\u00e4nnest\u00e4 - Asema Kustannus\",\"isPartOf\":{\"@id\":\"https:\\\/\\\/www.asemakustannus.com\\\/kauppa\\\/#website\"},\"primaryImageOfPage\":{\"@id\":\"https:\\\/\\\/www.asemakustannus.com\\\/kauppa\\\/tuote\\\/tarinoita-lannesta\\\/#primaryimage\"},\"image\":{\"@id\":\"https:\\\/\\\/www.asemakustannus.com\\\/kauppa\\\/tuote\\\/tarinoita-lannesta\\\/#primaryimage\"},\"thumbnailUrl\":\"https:\\\/\\\/i0.wp.com\\\/www.asemakustannus.com\\\/kauppa\\\/wp-content\\\/uploads\\\/2021\\\/03\\\/TARINOITA-ISO.jpg?fit=450%2C643&ssl=1\",\"datePublished\":\"2021-03-22T11:15:05+00:00\",\"dateModified\":\"2021-09-10T11:49:17+00:00\",\"breadcrumb\":{\"@id\":\"https:\\\/\\\/www.asemakustannus.com\\\/kauppa\\\/tuote\\\/tarinoita-lannesta\\\/#breadcrumb\"},\"inLanguage\":\"fi\",\"potentialAction\":[{\"@type\":\"ReadAction\",\"target\":[\"https:\\\/\\\/www.asemakustannus.com\\\/kauppa\\\/tuote\\\/tarinoita-lannesta\\\/\"]}]},{\"@type\":\"ImageObject\",\"inLanguage\":\"fi\",\"@id\":\"https:\\\/\\\/www.asemakustannus.com\\\/kauppa\\\/tuote\\\/tarinoita-lannesta\\\/#primaryimage\",\"url\":\"https:\\\/\\\/i0.wp.com\\\/www.asemakustannus.com\\\/kauppa\\\/wp-content\\\/uploads\\\/2021\\\/03\\\/TARINOITA-ISO.jpg?fit=450%2C643&ssl=1\",\"contentUrl\":\"https:\\\/\\\/i0.wp.com\\\/www.asemakustannus.com\\\/kauppa\\\/wp-content\\\/uploads\\\/2021\\\/03\\\/TARINOITA-ISO.jpg?fit=450%2C643&ssl=1\",\"width\":450,\"height\":643},{\"@type\":\"BreadcrumbList\",\"@id\":\"https:\\\/\\\/www.asemakustannus.com\\\/kauppa\\\/tuote\\\/tarinoita-lannesta\\\/#breadcrumb\",\"itemListElement\":[{\"@type\":\"ListItem\",\"position\":1,\"name\":\"Home\",\"item\":\"https:\\\/\\\/www.asemakustannus.com\\\/kauppa\\\/\"},{\"@type\":\"ListItem\",\"position\":2,\"name\":\"Kauppa\",\"item\":\"https:\\\/\\\/www.asemakustannus.com\\\/kauppa\\\/kauppa\\\/\"},{\"@type\":\"ListItem\",\"position\":3,\"name\":\"Mika Lietz\u00e9n: Tarinoita l\u00e4nnest\u00e4\"}]},{\"@type\":\"WebSite\",\"@id\":\"https:\\\/\\\/www.asemakustannus.com\\\/kauppa\\\/#website\",\"url\":\"https:\\\/\\\/www.asemakustannus.com\\\/kauppa\\\/\",\"name\":\"Asema Kustannus\",\"description\":\"Sarjakuvakauppa\",\"publisher\":{\"@id\":\"https:\\\/\\\/www.asemakustannus.com\\\/kauppa\\\/#organization\"},\"potentialAction\":[{\"@type\":\"SearchAction\",\"target\":{\"@type\":\"EntryPoint\",\"urlTemplate\":\"https:\\\/\\\/www.asemakustannus.com\\\/kauppa\\\/?s={search_term_string}\"},\"query-input\":{\"@type\":\"PropertyValueSpecification\",\"valueRequired\":true,\"valueName\":\"search_term_string\"}}],\"inLanguage\":\"fi\"},{\"@type\":\"Organization\",\"@id\":\"https:\\\/\\\/www.asemakustannus.com\\\/kauppa\\\/#organization\",\"name\":\"Asema Kustannus\",\"url\":\"https:\\\/\\\/www.asemakustannus.com\\\/kauppa\\\/\",\"logo\":{\"@type\":\"ImageObject\",\"inLanguage\":\"fi\",\"@id\":\"https:\\\/\\\/www.asemakustannus.com\\\/kauppa\\\/#\\\/schema\\\/logo\\\/image\\\/\",\"url\":\"https:\\\/\\\/www.asemakustannus.com\\\/kauppa\\\/wp-content\\\/uploads\\\/2021\\\/09\\\/181007768_141578281313342_8780310787852686686_n-1.jpeg\",\"contentUrl\":\"https:\\\/\\\/www.asemakustannus.com\\\/kauppa\\\/wp-content\\\/uploads\\\/2021\\\/09\\\/181007768_141578281313342_8780310787852686686_n-1.jpeg\",\"width\":300,\"height\":333,\"caption\":\"Asema Kustannus\"},\"image\":{\"@id\":\"https:\\\/\\\/www.asemakustannus.com\\\/kauppa\\\/#\\\/schema\\\/logo\\\/image\\\/\"},\"sameAs\":[\"https:\\\/\\\/www.facebook.com\\\/asemakustannus\",\"https:\\\/\\\/x.com\\\/asemakustannus\",\"https:\\\/\\\/www.instagram.com\\\/asemakustannus\\\/\"]}]}<\/script>\n<!-- \/ Yoast SEO plugin. -->","yoast_head_json":{"title":"Mika Lietz\u00e9n: Tarinoita l\u00e4nnest\u00e4 - Asema Kustannus","robots":{"index":"index","follow":"follow","max-snippet":"max-snippet:-1","max-image-preview":"max-image-preview:large","max-video-preview":"max-video-preview:-1"},"canonical":"https:\/\/www.asemakustannus.com\/kauppa\/tuote\/tarinoita-lannesta\/","og_locale":"fi_FI","og_type":"article","og_title":"Mika Lietz\u00e9n: Tarinoita l\u00e4nnest\u00e4 - Asema Kustannus","og_description":"100 sivua | mustavalkoinen | pehme\u00e4kantinen ISBN 978-952-99923-0-0 Asema 2007 Tarinoita l\u00e4nnest\u00e4\u00a0on palkitun turkulaisen sarjakuvataiteilija Mika Lietz\u00e9nin uusi teos, joka koostuu nelj\u00e4st\u00e4 pitk\u00e4st\u00e4 sarjakuvanovellista. Eri puolille Turkua sijoittuvat novellit ovat kamarin\u00e4ytelmien muotoisia kuvauksia miehist\u00e4 ja naisista, isist\u00e4 ja \u00e4ideist\u00e4, aviomiehist\u00e4 ja vaimoista, rakastajista ja rakastetuista, lapsista ja kadulle sammuneista juopoista. Tarinoita l\u00e4nnest\u00e4\u00a0on hillityn arkinen, mutta [&hellip;]","og_url":"https:\/\/www.asemakustannus.com\/kauppa\/tuote\/tarinoita-lannesta\/","og_site_name":"Asema Kustannus","article_publisher":"https:\/\/www.facebook.com\/asemakustannus","article_modified_time":"2021-09-10T11:49:17+00:00","og_image":[{"width":450,"height":643,"url":"https:\/\/www.asemakustannus.com\/kauppa\/wp-content\/uploads\/2021\/03\/TARINOITA-ISO.jpg","type":"image\/jpeg"}],"twitter_card":"summary_large_image","twitter_site":"@asemakustannus","twitter_misc":{"Arvioitu lukuaika":"1 minuutti"},"schema":{"@context":"https:\/\/schema.org","@graph":[{"@type":"WebPage","@id":"https:\/\/www.asemakustannus.com\/kauppa\/tuote\/tarinoita-lannesta\/","url":"https:\/\/www.asemakustannus.com\/kauppa\/tuote\/tarinoita-lannesta\/","name":"Mika Lietz\u00e9n: Tarinoita l\u00e4nnest\u00e4 - Asema Kustannus","isPartOf":{"@id":"https:\/\/www.asemakustannus.com\/kauppa\/#website"},"primaryImageOfPage":{"@id":"https:\/\/www.asemakustannus.com\/kauppa\/tuote\/tarinoita-lannesta\/#primaryimage"},"image":{"@id":"https:\/\/www.asemakustannus.com\/kauppa\/tuote\/tarinoita-lannesta\/#primaryimage"},"thumbnailUrl":"https:\/\/i0.wp.com\/www.asemakustannus.com\/kauppa\/wp-content\/uploads\/2021\/03\/TARINOITA-ISO.jpg?fit=450%2C643&ssl=1","datePublished":"2021-03-22T11:15:05+00:00","dateModified":"2021-09-10T11:49:17+00:00","breadcrumb":{"@id":"https:\/\/www.asemakustannus.com\/kauppa\/tuote\/tarinoita-lannesta\/#breadcrumb"},"inLanguage":"fi","potentialAction":[{"@type":"ReadAction","target":["https:\/\/www.asemakustannus.com\/kauppa\/tuote\/tarinoita-lannesta\/"]}]},{"@type":"ImageObject","inLanguage":"fi","@id":"https:\/\/www.asemakustannus.com\/kauppa\/tuote\/tarinoita-lannesta\/#primaryimage","url":"https:\/\/i0.wp.com\/www.asemakustannus.com\/kauppa\/wp-content\/uploads\/2021\/03\/TARINOITA-ISO.jpg?fit=450%2C643&ssl=1","contentUrl":"https:\/\/i0.wp.com\/www.asemakustannus.com\/kauppa\/wp-content\/uploads\/2021\/03\/TARINOITA-ISO.jpg?fit=450%2C643&ssl=1","width":450,"height":643},{"@type":"BreadcrumbList","@id":"https:\/\/www.asemakustannus.com\/kauppa\/tuote\/tarinoita-lannesta\/#breadcrumb","itemListElement":[{"@type":"ListItem","position":1,"name":"Home","item":"https:\/\/www.asemakustannus.com\/kauppa\/"},{"@type":"ListItem","position":2,"name":"Kauppa","item":"https:\/\/www.asemakustannus.com\/kauppa\/kauppa\/"},{"@type":"ListItem","position":3,"name":"Mika Lietz\u00e9n: Tarinoita l\u00e4nnest\u00e4"}]},{"@type":"WebSite","@id":"https:\/\/www.asemakustannus.com\/kauppa\/#website","url":"https:\/\/www.asemakustannus.com\/kauppa\/","name":"Asema Kustannus","description":"Sarjakuvakauppa","publisher":{"@id":"https:\/\/www.asemakustannus.com\/kauppa\/#organization"},"potentialAction":[{"@type":"SearchAction","target":{"@type":"EntryPoint","urlTemplate":"https:\/\/www.asemakustannus.com\/kauppa\/?s={search_term_string}"},"query-input":{"@type":"PropertyValueSpecification","valueRequired":true,"valueName":"search_term_string"}}],"inLanguage":"fi"},{"@type":"Organization","@id":"https:\/\/www.asemakustannus.com\/kauppa\/#organization","name":"Asema Kustannus","url":"https:\/\/www.asemakustannus.com\/kauppa\/","logo":{"@type":"ImageObject","inLanguage":"fi","@id":"https:\/\/www.asemakustannus.com\/kauppa\/#\/schema\/logo\/image\/","url":"https:\/\/www.asemakustannus.com\/kauppa\/wp-content\/uploads\/2021\/09\/181007768_141578281313342_8780310787852686686_n-1.jpeg","contentUrl":"https:\/\/www.asemakustannus.com\/kauppa\/wp-content\/uploads\/2021\/09\/181007768_141578281313342_8780310787852686686_n-1.jpeg","width":300,"height":333,"caption":"Asema Kustannus"},"image":{"@id":"https:\/\/www.asemakustannus.com\/kauppa\/#\/schema\/logo\/image\/"},"sameAs":["https:\/\/www.facebook.com\/asemakustannus","https:\/\/x.com\/asemakustannus","https:\/\/www.instagram.com\/asemakustannus\/"]}]}},"jetpack_sharing_enabled":true,"_links":{"self":[{"href":"https:\/\/www.asemakustannus.com\/kauppa\/wp-json\/wp\/v2\/product\/279","targetHints":{"allow":["GET"]}}],"collection":[{"href":"https:\/\/www.asemakustannus.com\/kauppa\/wp-json\/wp\/v2\/product"}],"about":[{"href":"https:\/\/www.asemakustannus.com\/kauppa\/wp-json\/wp\/v2\/types\/product"}],"wp:featuredmedia":[{"embeddable":true,"href":"https:\/\/www.asemakustannus.com\/kauppa\/wp-json\/wp\/v2\/media\/286"}],"wp:attachment":[{"href":"https:\/\/www.asemakustannus.com\/kauppa\/wp-json\/wp\/v2\/media?parent=279"}],"wp:term":[{"taxonomy":"product_brand","embeddable":true,"href":"https:\/\/www.asemakustannus.com\/kauppa\/wp-json\/wp\/v2\/product_brand?post=279"},{"taxonomy":"product_cat","embeddable":true,"href":"https:\/\/www.asemakustannus.com\/kauppa\/wp-json\/wp\/v2\/product_cat?post=279"},{"taxonomy":"product_tag","embeddable":true,"href":"https:\/\/www.asemakustannus.com\/kauppa\/wp-json\/wp\/v2\/product_tag?post=279"}],"curies":[{"name":"wp","href":"https:\/\/api.w.org\/{rel}","templated":true}]}}