{"id":455,"date":"2021-03-23T13:25:21","date_gmt":"2021-03-23T11:25:21","guid":{"rendered":"https:\/\/www.asemakustannus.com\/kauppa\/?post_type=product&#038;p=455"},"modified":"2021-09-10T14:47:31","modified_gmt":"2021-09-10T11:47:31","slug":"emmi-valve-armo","status":"publish","type":"product","link":"https:\/\/www.asemakustannus.com\/kauppa\/tuote\/emmi-valve-armo\/","title":{"rendered":"Emmi Valve: Armo"},"content":{"rendered":"<p>304 sivua | neliv\u00e4rinen | pehme\u00e4kantinen<\/p>\n<p>ISBN 978-952-5909-28-9<\/p>\n<p>Asema 2017<\/p>\n<p>Jo lapsena jokin kiskaisee Emmin toiseen ulottuvuuteen. Siell\u00e4 asioiden ja toisten ihmisten pime\u00e4t puolet ovat h\u00e4nelle n\u00e4kyvi\u00e4. Ihmisten katseet ja kosketukset tekev\u00e4t h\u00e4neen reiki\u00e4, ja h\u00e4n yritt\u00e4\u00e4 piilottaa kaikkialle tunkeutuvan mustan m\u00f6nj\u00e4n, joka karkaa ulos h\u00e4nen sieraimistaan tai suustaan. Emmin el\u00e4m\u00e4 on helvetti\u00e4. On ollut niin kauan kuin h\u00e4n muistaa.\u00a0<em>Armo<\/em>\u00a0kertoo t\u00e4st\u00e4 el\u00e4m\u00e4st\u00e4, uskomattomista seikkailuista baarien, makuuhuoneiden, v\u00e4kivallantekojen, harhojen ja mielisairaaloiden sy\u00f6vereiss\u00e4.<\/p>\n<p>Emmi Valveen omael\u00e4m\u00e4kerrallinen sarjakuvaromaani on suora, karu ja hurja ja h\u00f6ystetty isolla m\u00e4\u00e4r\u00e4ll\u00e4 mustaa huumoria.<\/p>\n<p><strong>Emmi Valve<\/strong>\u00a0(s. 1984) on porvoolainen sarjakuvataiteilija ja kuvittaja. Valveen esikoisteos, p\u00e4iv\u00e4kirja-albumi\u00a0<em>Sit kun sun naama r\u00e4j\u00e4ht\u00e4\u00e4<\/em> (Huuda Huuda) ilmestyi 2013. Valve on julkaissut paljon sarjakuvia mm. palkituissa pienlehdiss\u00e4\u00e4n, sarjakuvablogissaan ja <em>Armon <\/em>j\u00e4lkeen tulleina albumeina. <em>Armo<\/em> ilmestyi Ranskassa vuonna 2021.<\/p>\n","protected":false},"excerpt":{"rendered":"<p>304 sivua | neliv\u00e4rinen | pehme\u00e4kantinen ISBN 978-952-5909-28-9 Asema 2017 Jo lapsena jokin kiskaisee Emmin toiseen ulottuvuuteen. Siell\u00e4 asioiden ja toisten ihmisten pime\u00e4t puolet ovat h\u00e4nelle n\u00e4kyvi\u00e4. Ihmisten katseet ja kosketukset tekev\u00e4t h\u00e4neen reiki\u00e4, ja h\u00e4n yritt\u00e4\u00e4 piilottaa kaikkialle tunkeutuvan mustan m\u00f6nj\u00e4n, joka karkaa ulos h\u00e4nen sieraimistaan tai suustaan. Emmin el\u00e4m\u00e4 on helvetti\u00e4. On ollut [&hellip;]<\/p>\n","protected":false},"featured_media":456,"template":"","meta":[],"product_brand":[],"product_cat":[38],"product_tag":[54],"class_list":{"0":"post-455","1":"product","2":"type-product","3":"status-publish","4":"has-post-thumbnail","6":"product_cat-kirjat","7":"product_tag-emmi-valve","8":"product_shipping_class-s-paketti","10":"first","11":"outofstock","12":"shipping-taxable","13":"purchasable","14":"product-type-simple"},"yoast_head":"<!-- This site is optimized with the Yoast SEO plugin v27.3 - https:\/\/yoast.com\/product\/yoast-seo-wordpress\/ -->\n<title>Emmi Valve: Armo - Asema Kustannus<\/title>\n<meta name=\"robots\" content=\"index, follow, max-snippet:-1, max-image-preview:large, max-video-preview:-1\" \/>\n<link rel=\"canonical\" href=\"https:\/\/www.asemakustannus.com\/kauppa\/tuote\/emmi-valve-armo\/\" \/>\n<meta property=\"og:locale\" content=\"fi_FI\" \/>\n<meta property=\"og:type\" content=\"article\" \/>\n<meta property=\"og:title\" content=\"Emmi Valve: Armo - Asema Kustannus\" \/>\n<meta property=\"og:description\" content=\"304 sivua | neliv\u00e4rinen | pehme\u00e4kantinen ISBN 978-952-5909-28-9 Asema 2017 Jo lapsena jokin kiskaisee Emmin toiseen ulottuvuuteen. Siell\u00e4 asioiden ja toisten ihmisten pime\u00e4t puolet ovat h\u00e4nelle n\u00e4kyvi\u00e4. Ihmisten katseet ja kosketukset tekev\u00e4t h\u00e4neen reiki\u00e4, ja h\u00e4n yritt\u00e4\u00e4 piilottaa kaikkialle tunkeutuvan mustan m\u00f6nj\u00e4n, joka karkaa ulos h\u00e4nen sieraimistaan tai suustaan. Emmin el\u00e4m\u00e4 on helvetti\u00e4. On ollut [&hellip;]\" \/>\n<meta property=\"og:url\" content=\"https:\/\/www.asemakustannus.com\/kauppa\/tuote\/emmi-valve-armo\/\" \/>\n<meta property=\"og:site_name\" content=\"Asema Kustannus\" \/>\n<meta property=\"article:publisher\" content=\"https:\/\/www.facebook.com\/asemakustannus\" \/>\n<meta property=\"article:modified_time\" content=\"2021-09-10T11:47:31+00:00\" \/>\n<meta property=\"og:image\" content=\"https:\/\/www.asemakustannus.com\/kauppa\/wp-content\/uploads\/2021\/03\/armo_kansi_500px.jpg\" \/>\n\t<meta property=\"og:image:width\" content=\"500\" \/>\n\t<meta property=\"og:image:height\" content=\"705\" \/>\n\t<meta property=\"og:image:type\" content=\"image\/jpeg\" \/>\n<meta name=\"twitter:card\" content=\"summary_large_image\" \/>\n<meta name=\"twitter:site\" content=\"@asemakustannus\" \/>\n<meta name=\"twitter:label1\" content=\"Arvioitu lukuaika\" \/>\n\t<meta name=\"twitter:data1\" content=\"1 minuutti\" \/>\n<script type=\"application\/ld+json\" class=\"yoast-schema-graph\">{\"@context\":\"https:\\\/\\\/schema.org\",\"@graph\":[{\"@type\":\"WebPage\",\"@id\":\"https:\\\/\\\/www.asemakustannus.com\\\/kauppa\\\/tuote\\\/emmi-valve-armo\\\/\",\"url\":\"https:\\\/\\\/www.asemakustannus.com\\\/kauppa\\\/tuote\\\/emmi-valve-armo\\\/\",\"name\":\"Emmi Valve: Armo - Asema Kustannus\",\"isPartOf\":{\"@id\":\"https:\\\/\\\/www.asemakustannus.com\\\/kauppa\\\/#website\"},\"primaryImageOfPage\":{\"@id\":\"https:\\\/\\\/www.asemakustannus.com\\\/kauppa\\\/tuote\\\/emmi-valve-armo\\\/#primaryimage\"},\"image\":{\"@id\":\"https:\\\/\\\/www.asemakustannus.com\\\/kauppa\\\/tuote\\\/emmi-valve-armo\\\/#primaryimage\"},\"thumbnailUrl\":\"https:\\\/\\\/i0.wp.com\\\/www.asemakustannus.com\\\/kauppa\\\/wp-content\\\/uploads\\\/2021\\\/03\\\/armo_kansi_500px.jpg?fit=500%2C705&ssl=1\",\"datePublished\":\"2021-03-23T11:25:21+00:00\",\"dateModified\":\"2021-09-10T11:47:31+00:00\",\"breadcrumb\":{\"@id\":\"https:\\\/\\\/www.asemakustannus.com\\\/kauppa\\\/tuote\\\/emmi-valve-armo\\\/#breadcrumb\"},\"inLanguage\":\"fi\",\"potentialAction\":[{\"@type\":\"ReadAction\",\"target\":[\"https:\\\/\\\/www.asemakustannus.com\\\/kauppa\\\/tuote\\\/emmi-valve-armo\\\/\"]}]},{\"@type\":\"ImageObject\",\"inLanguage\":\"fi\",\"@id\":\"https:\\\/\\\/www.asemakustannus.com\\\/kauppa\\\/tuote\\\/emmi-valve-armo\\\/#primaryimage\",\"url\":\"https:\\\/\\\/i0.wp.com\\\/www.asemakustannus.com\\\/kauppa\\\/wp-content\\\/uploads\\\/2021\\\/03\\\/armo_kansi_500px.jpg?fit=500%2C705&ssl=1\",\"contentUrl\":\"https:\\\/\\\/i0.wp.com\\\/www.asemakustannus.com\\\/kauppa\\\/wp-content\\\/uploads\\\/2021\\\/03\\\/armo_kansi_500px.jpg?fit=500%2C705&ssl=1\",\"width\":500,\"height\":705},{\"@type\":\"BreadcrumbList\",\"@id\":\"https:\\\/\\\/www.asemakustannus.com\\\/kauppa\\\/tuote\\\/emmi-valve-armo\\\/#breadcrumb\",\"itemListElement\":[{\"@type\":\"ListItem\",\"position\":1,\"name\":\"Home\",\"item\":\"https:\\\/\\\/www.asemakustannus.com\\\/kauppa\\\/\"},{\"@type\":\"ListItem\",\"position\":2,\"name\":\"Kauppa\",\"item\":\"https:\\\/\\\/www.asemakustannus.com\\\/kauppa\\\/kauppa\\\/\"},{\"@type\":\"ListItem\",\"position\":3,\"name\":\"Emmi Valve: Armo\"}]},{\"@type\":\"WebSite\",\"@id\":\"https:\\\/\\\/www.asemakustannus.com\\\/kauppa\\\/#website\",\"url\":\"https:\\\/\\\/www.asemakustannus.com\\\/kauppa\\\/\",\"name\":\"Asema Kustannus\",\"description\":\"Sarjakuvakauppa\",\"publisher\":{\"@id\":\"https:\\\/\\\/www.asemakustannus.com\\\/kauppa\\\/#organization\"},\"potentialAction\":[{\"@type\":\"SearchAction\",\"target\":{\"@type\":\"EntryPoint\",\"urlTemplate\":\"https:\\\/\\\/www.asemakustannus.com\\\/kauppa\\\/?s={search_term_string}\"},\"query-input\":{\"@type\":\"PropertyValueSpecification\",\"valueRequired\":true,\"valueName\":\"search_term_string\"}}],\"inLanguage\":\"fi\"},{\"@type\":\"Organization\",\"@id\":\"https:\\\/\\\/www.asemakustannus.com\\\/kauppa\\\/#organization\",\"name\":\"Asema Kustannus\",\"url\":\"https:\\\/\\\/www.asemakustannus.com\\\/kauppa\\\/\",\"logo\":{\"@type\":\"ImageObject\",\"inLanguage\":\"fi\",\"@id\":\"https:\\\/\\\/www.asemakustannus.com\\\/kauppa\\\/#\\\/schema\\\/logo\\\/image\\\/\",\"url\":\"https:\\\/\\\/www.asemakustannus.com\\\/kauppa\\\/wp-content\\\/uploads\\\/2021\\\/09\\\/181007768_141578281313342_8780310787852686686_n-1.jpeg\",\"contentUrl\":\"https:\\\/\\\/www.asemakustannus.com\\\/kauppa\\\/wp-content\\\/uploads\\\/2021\\\/09\\\/181007768_141578281313342_8780310787852686686_n-1.jpeg\",\"width\":300,\"height\":333,\"caption\":\"Asema Kustannus\"},\"image\":{\"@id\":\"https:\\\/\\\/www.asemakustannus.com\\\/kauppa\\\/#\\\/schema\\\/logo\\\/image\\\/\"},\"sameAs\":[\"https:\\\/\\\/www.facebook.com\\\/asemakustannus\",\"https:\\\/\\\/x.com\\\/asemakustannus\",\"https:\\\/\\\/www.instagram.com\\\/asemakustannus\\\/\"]}]}<\/script>\n<!-- \/ Yoast SEO plugin. -->","yoast_head_json":{"title":"Emmi Valve: Armo - Asema Kustannus","robots":{"index":"index","follow":"follow","max-snippet":"max-snippet:-1","max-image-preview":"max-image-preview:large","max-video-preview":"max-video-preview:-1"},"canonical":"https:\/\/www.asemakustannus.com\/kauppa\/tuote\/emmi-valve-armo\/","og_locale":"fi_FI","og_type":"article","og_title":"Emmi Valve: Armo - Asema Kustannus","og_description":"304 sivua | neliv\u00e4rinen | pehme\u00e4kantinen ISBN 978-952-5909-28-9 Asema 2017 Jo lapsena jokin kiskaisee Emmin toiseen ulottuvuuteen. Siell\u00e4 asioiden ja toisten ihmisten pime\u00e4t puolet ovat h\u00e4nelle n\u00e4kyvi\u00e4. Ihmisten katseet ja kosketukset tekev\u00e4t h\u00e4neen reiki\u00e4, ja h\u00e4n yritt\u00e4\u00e4 piilottaa kaikkialle tunkeutuvan mustan m\u00f6nj\u00e4n, joka karkaa ulos h\u00e4nen sieraimistaan tai suustaan. Emmin el\u00e4m\u00e4 on helvetti\u00e4. On ollut [&hellip;]","og_url":"https:\/\/www.asemakustannus.com\/kauppa\/tuote\/emmi-valve-armo\/","og_site_name":"Asema Kustannus","article_publisher":"https:\/\/www.facebook.com\/asemakustannus","article_modified_time":"2021-09-10T11:47:31+00:00","og_image":[{"width":500,"height":705,"url":"https:\/\/www.asemakustannus.com\/kauppa\/wp-content\/uploads\/2021\/03\/armo_kansi_500px.jpg","type":"image\/jpeg"}],"twitter_card":"summary_large_image","twitter_site":"@asemakustannus","twitter_misc":{"Arvioitu lukuaika":"1 minuutti"},"schema":{"@context":"https:\/\/schema.org","@graph":[{"@type":"WebPage","@id":"https:\/\/www.asemakustannus.com\/kauppa\/tuote\/emmi-valve-armo\/","url":"https:\/\/www.asemakustannus.com\/kauppa\/tuote\/emmi-valve-armo\/","name":"Emmi Valve: Armo - Asema Kustannus","isPartOf":{"@id":"https:\/\/www.asemakustannus.com\/kauppa\/#website"},"primaryImageOfPage":{"@id":"https:\/\/www.asemakustannus.com\/kauppa\/tuote\/emmi-valve-armo\/#primaryimage"},"image":{"@id":"https:\/\/www.asemakustannus.com\/kauppa\/tuote\/emmi-valve-armo\/#primaryimage"},"thumbnailUrl":"https:\/\/i0.wp.com\/www.asemakustannus.com\/kauppa\/wp-content\/uploads\/2021\/03\/armo_kansi_500px.jpg?fit=500%2C705&ssl=1","datePublished":"2021-03-23T11:25:21+00:00","dateModified":"2021-09-10T11:47:31+00:00","breadcrumb":{"@id":"https:\/\/www.asemakustannus.com\/kauppa\/tuote\/emmi-valve-armo\/#breadcrumb"},"inLanguage":"fi","potentialAction":[{"@type":"ReadAction","target":["https:\/\/www.asemakustannus.com\/kauppa\/tuote\/emmi-valve-armo\/"]}]},{"@type":"ImageObject","inLanguage":"fi","@id":"https:\/\/www.asemakustannus.com\/kauppa\/tuote\/emmi-valve-armo\/#primaryimage","url":"https:\/\/i0.wp.com\/www.asemakustannus.com\/kauppa\/wp-content\/uploads\/2021\/03\/armo_kansi_500px.jpg?fit=500%2C705&ssl=1","contentUrl":"https:\/\/i0.wp.com\/www.asemakustannus.com\/kauppa\/wp-content\/uploads\/2021\/03\/armo_kansi_500px.jpg?fit=500%2C705&ssl=1","width":500,"height":705},{"@type":"BreadcrumbList","@id":"https:\/\/www.asemakustannus.com\/kauppa\/tuote\/emmi-valve-armo\/#breadcrumb","itemListElement":[{"@type":"ListItem","position":1,"name":"Home","item":"https:\/\/www.asemakustannus.com\/kauppa\/"},{"@type":"ListItem","position":2,"name":"Kauppa","item":"https:\/\/www.asemakustannus.com\/kauppa\/kauppa\/"},{"@type":"ListItem","position":3,"name":"Emmi Valve: Armo"}]},{"@type":"WebSite","@id":"https:\/\/www.asemakustannus.com\/kauppa\/#website","url":"https:\/\/www.asemakustannus.com\/kauppa\/","name":"Asema Kustannus","description":"Sarjakuvakauppa","publisher":{"@id":"https:\/\/www.asemakustannus.com\/kauppa\/#organization"},"potentialAction":[{"@type":"SearchAction","target":{"@type":"EntryPoint","urlTemplate":"https:\/\/www.asemakustannus.com\/kauppa\/?s={search_term_string}"},"query-input":{"@type":"PropertyValueSpecification","valueRequired":true,"valueName":"search_term_string"}}],"inLanguage":"fi"},{"@type":"Organization","@id":"https:\/\/www.asemakustannus.com\/kauppa\/#organization","name":"Asema Kustannus","url":"https:\/\/www.asemakustannus.com\/kauppa\/","logo":{"@type":"ImageObject","inLanguage":"fi","@id":"https:\/\/www.asemakustannus.com\/kauppa\/#\/schema\/logo\/image\/","url":"https:\/\/www.asemakustannus.com\/kauppa\/wp-content\/uploads\/2021\/09\/181007768_141578281313342_8780310787852686686_n-1.jpeg","contentUrl":"https:\/\/www.asemakustannus.com\/kauppa\/wp-content\/uploads\/2021\/09\/181007768_141578281313342_8780310787852686686_n-1.jpeg","width":300,"height":333,"caption":"Asema Kustannus"},"image":{"@id":"https:\/\/www.asemakustannus.com\/kauppa\/#\/schema\/logo\/image\/"},"sameAs":["https:\/\/www.facebook.com\/asemakustannus","https:\/\/x.com\/asemakustannus","https:\/\/www.instagram.com\/asemakustannus\/"]}]}},"jetpack_sharing_enabled":true,"_links":{"self":[{"href":"https:\/\/www.asemakustannus.com\/kauppa\/wp-json\/wp\/v2\/product\/455","targetHints":{"allow":["GET"]}}],"collection":[{"href":"https:\/\/www.asemakustannus.com\/kauppa\/wp-json\/wp\/v2\/product"}],"about":[{"href":"https:\/\/www.asemakustannus.com\/kauppa\/wp-json\/wp\/v2\/types\/product"}],"wp:featuredmedia":[{"embeddable":true,"href":"https:\/\/www.asemakustannus.com\/kauppa\/wp-json\/wp\/v2\/media\/456"}],"wp:attachment":[{"href":"https:\/\/www.asemakustannus.com\/kauppa\/wp-json\/wp\/v2\/media?parent=455"}],"wp:term":[{"taxonomy":"product_brand","embeddable":true,"href":"https:\/\/www.asemakustannus.com\/kauppa\/wp-json\/wp\/v2\/product_brand?post=455"},{"taxonomy":"product_cat","embeddable":true,"href":"https:\/\/www.asemakustannus.com\/kauppa\/wp-json\/wp\/v2\/product_cat?post=455"},{"taxonomy":"product_tag","embeddable":true,"href":"https:\/\/www.asemakustannus.com\/kauppa\/wp-json\/wp\/v2\/product_tag?post=455"}],"curies":[{"name":"wp","href":"https:\/\/api.w.org\/{rel}","templated":true}]}}