{"id":474,"date":"2021-03-23T13:49:53","date_gmt":"2021-03-23T11:49:53","guid":{"rendered":"https:\/\/www.asemakustannus.com\/kauppa\/?post_type=product&#038;p=474"},"modified":"2021-09-10T14:46:53","modified_gmt":"2021-09-10T11:46:53","slug":"ville-ranta-kuningas-menettaa-paansa","status":"publish","type":"product","link":"https:\/\/www.asemakustannus.com\/kauppa\/tuote\/ville-ranta-kuningas-menettaa-paansa\/","title":{"rendered":"Ville Ranta: Kuningas menett\u00e4\u00e4 p\u00e4\u00e4ns\u00e4"},"content":{"rendered":"<p>184 sivua | v\u00e4rillinen | kovakantinen<\/p>\n<p>WSOY 2018<\/p>\n<p>ISBN 978-951-0431-43-6<\/p>\n<p>Linnan katto vuotaa, narrin jutut eiv\u00e4t naurata, kukaan ei kunnioita. Eik\u00e4 seksik\u00e4\u00e4n maistu. Kuninkaalla alkaa horjua usko koko touhuun. Onneksi on pastori, joka tuntee l\u00e4\u00e4kkeen eksistentiaaliseen ahdistukseen. Kaksikko l\u00e4htee tarunhohtoiselle seikkailulle, miss\u00e4 olut virtaa, p\u00e4\u00e4t putoilevat ja naiset kellistet\u00e4\u00e4n \u2013 viel\u00e4 kerran.<\/p>\n<p><em>Kuningas menett\u00e4\u00e4 p\u00e4\u00e4ns\u00e4<\/em> on Ville Rannan upeissa akvarellis\u00e4vyiss\u00e4 hehkuva, satiirinen sarjakuvaromaani, jossa Ranta sahaa p\u00e4\u00e4n irti vuosituhantiselta valkoiselta heteromiehelt\u00e4. Mutta mit\u00e4 helvetti\u00e4? Eik\u00f6 Ranta ole itsekin samaa jatkumoa?! P\u00e4\u00e4 poikki!<\/p>\n<p><strong>Ville Ranta<\/strong> (s. 1978) on Suomen tunnetuimpia sarjakuvataiteilijoita ja pilapiirt\u00e4ji\u00e4, jonka esikoissarjakuvateos <em>Sade<\/em> ilmestyi vuonna 2003. Ranta on palkittu Puup\u00e4\u00e4-hatulla, Suomi-palkinnolla ja Ranskan kunnialegioonan ritariarvolla. <em>Kajaanin\u00a0<\/em>ranskannos oli ehdolla vuoden 2010 parhaaksi albumiksi Angoul\u00eamen sarjakuvafestivaalin kilpailusarjassa Ranskassa, vuonna 2013 ilmestynyt\u00a0<em>Kyll\u00e4 eik\u00e4 ei<\/em> voitti Sarjakuva-Finlandian. Ranta on my\u00f6s Iltalehden pilapiirt\u00e4j\u00e4.<\/p>\n","protected":false},"excerpt":{"rendered":"<p>184 sivua | v\u00e4rillinen | kovakantinen WSOY 2018 ISBN 978-951-0431-43-6 Linnan katto vuotaa, narrin jutut eiv\u00e4t naurata, kukaan ei kunnioita. Eik\u00e4 seksik\u00e4\u00e4n maistu. Kuninkaalla alkaa horjua usko koko touhuun. Onneksi on pastori, joka tuntee l\u00e4\u00e4kkeen eksistentiaaliseen ahdistukseen. Kaksikko l\u00e4htee tarunhohtoiselle seikkailulle, miss\u00e4 olut virtaa, p\u00e4\u00e4t putoilevat ja naiset kellistet\u00e4\u00e4n \u2013 viel\u00e4 kerran. Kuningas menett\u00e4\u00e4 p\u00e4\u00e4ns\u00e4 [&hellip;]<\/p>\n","protected":false},"featured_media":477,"template":"","meta":[],"product_brand":[],"product_cat":[38],"product_tag":[51],"class_list":{"0":"post-474","1":"product","2":"type-product","3":"status-publish","4":"has-post-thumbnail","6":"product_cat-kirjat","7":"product_tag-ville-ranta","8":"product_shipping_class-xxspaketti","10":"first","11":"instock","12":"shipping-taxable","13":"purchasable","14":"product-type-simple"},"yoast_head":"<!-- This site is optimized with the Yoast SEO plugin v27.3 - https:\/\/yoast.com\/product\/yoast-seo-wordpress\/ -->\n<title>Ville Ranta: Kuningas menett\u00e4\u00e4 p\u00e4\u00e4ns\u00e4 - Asema Kustannus<\/title>\n<meta name=\"robots\" content=\"index, follow, max-snippet:-1, max-image-preview:large, max-video-preview:-1\" \/>\n<link rel=\"canonical\" href=\"https:\/\/www.asemakustannus.com\/kauppa\/tuote\/ville-ranta-kuningas-menettaa-paansa\/\" \/>\n<meta property=\"og:locale\" content=\"fi_FI\" \/>\n<meta property=\"og:type\" content=\"article\" \/>\n<meta property=\"og:title\" content=\"Ville Ranta: Kuningas menett\u00e4\u00e4 p\u00e4\u00e4ns\u00e4 - Asema Kustannus\" \/>\n<meta property=\"og:description\" content=\"184 sivua | v\u00e4rillinen | kovakantinen WSOY 2018 ISBN 978-951-0431-43-6 Linnan katto vuotaa, narrin jutut eiv\u00e4t naurata, kukaan ei kunnioita. Eik\u00e4 seksik\u00e4\u00e4n maistu. Kuninkaalla alkaa horjua usko koko touhuun. Onneksi on pastori, joka tuntee l\u00e4\u00e4kkeen eksistentiaaliseen ahdistukseen. Kaksikko l\u00e4htee tarunhohtoiselle seikkailulle, miss\u00e4 olut virtaa, p\u00e4\u00e4t putoilevat ja naiset kellistet\u00e4\u00e4n \u2013 viel\u00e4 kerran. Kuningas menett\u00e4\u00e4 p\u00e4\u00e4ns\u00e4 [&hellip;]\" \/>\n<meta property=\"og:url\" content=\"https:\/\/www.asemakustannus.com\/kauppa\/tuote\/ville-ranta-kuningas-menettaa-paansa\/\" \/>\n<meta property=\"og:site_name\" content=\"Asema Kustannus\" \/>\n<meta property=\"article:publisher\" content=\"https:\/\/www.facebook.com\/asemakustannus\" \/>\n<meta property=\"article:modified_time\" content=\"2021-09-10T11:46:53+00:00\" \/>\n<meta property=\"og:image\" content=\"https:\/\/www.asemakustannus.com\/kauppa\/wp-content\/uploads\/2021\/03\/kuningas_kansi-wsoy.jpg\" \/>\n\t<meta property=\"og:image:width\" content=\"800\" \/>\n\t<meta property=\"og:image:height\" content=\"1180\" \/>\n\t<meta property=\"og:image:type\" content=\"image\/jpeg\" \/>\n<meta name=\"twitter:card\" content=\"summary_large_image\" \/>\n<meta name=\"twitter:site\" content=\"@asemakustannus\" \/>\n<meta name=\"twitter:label1\" content=\"Arvioitu lukuaika\" \/>\n\t<meta name=\"twitter:data1\" content=\"1 minuutti\" \/>\n<script type=\"application\/ld+json\" class=\"yoast-schema-graph\">{\"@context\":\"https:\\\/\\\/schema.org\",\"@graph\":[{\"@type\":\"WebPage\",\"@id\":\"https:\\\/\\\/www.asemakustannus.com\\\/kauppa\\\/tuote\\\/ville-ranta-kuningas-menettaa-paansa\\\/\",\"url\":\"https:\\\/\\\/www.asemakustannus.com\\\/kauppa\\\/tuote\\\/ville-ranta-kuningas-menettaa-paansa\\\/\",\"name\":\"Ville Ranta: Kuningas menett\u00e4\u00e4 p\u00e4\u00e4ns\u00e4 - Asema Kustannus\",\"isPartOf\":{\"@id\":\"https:\\\/\\\/www.asemakustannus.com\\\/kauppa\\\/#website\"},\"primaryImageOfPage\":{\"@id\":\"https:\\\/\\\/www.asemakustannus.com\\\/kauppa\\\/tuote\\\/ville-ranta-kuningas-menettaa-paansa\\\/#primaryimage\"},\"image\":{\"@id\":\"https:\\\/\\\/www.asemakustannus.com\\\/kauppa\\\/tuote\\\/ville-ranta-kuningas-menettaa-paansa\\\/#primaryimage\"},\"thumbnailUrl\":\"https:\\\/\\\/i0.wp.com\\\/www.asemakustannus.com\\\/kauppa\\\/wp-content\\\/uploads\\\/2021\\\/03\\\/kuningas_kansi-wsoy.jpg?fit=800%2C1180&ssl=1\",\"datePublished\":\"2021-03-23T11:49:53+00:00\",\"dateModified\":\"2021-09-10T11:46:53+00:00\",\"breadcrumb\":{\"@id\":\"https:\\\/\\\/www.asemakustannus.com\\\/kauppa\\\/tuote\\\/ville-ranta-kuningas-menettaa-paansa\\\/#breadcrumb\"},\"inLanguage\":\"fi\",\"potentialAction\":[{\"@type\":\"ReadAction\",\"target\":[\"https:\\\/\\\/www.asemakustannus.com\\\/kauppa\\\/tuote\\\/ville-ranta-kuningas-menettaa-paansa\\\/\"]}]},{\"@type\":\"ImageObject\",\"inLanguage\":\"fi\",\"@id\":\"https:\\\/\\\/www.asemakustannus.com\\\/kauppa\\\/tuote\\\/ville-ranta-kuningas-menettaa-paansa\\\/#primaryimage\",\"url\":\"https:\\\/\\\/i0.wp.com\\\/www.asemakustannus.com\\\/kauppa\\\/wp-content\\\/uploads\\\/2021\\\/03\\\/kuningas_kansi-wsoy.jpg?fit=800%2C1180&ssl=1\",\"contentUrl\":\"https:\\\/\\\/i0.wp.com\\\/www.asemakustannus.com\\\/kauppa\\\/wp-content\\\/uploads\\\/2021\\\/03\\\/kuningas_kansi-wsoy.jpg?fit=800%2C1180&ssl=1\",\"width\":800,\"height\":1180},{\"@type\":\"BreadcrumbList\",\"@id\":\"https:\\\/\\\/www.asemakustannus.com\\\/kauppa\\\/tuote\\\/ville-ranta-kuningas-menettaa-paansa\\\/#breadcrumb\",\"itemListElement\":[{\"@type\":\"ListItem\",\"position\":1,\"name\":\"Home\",\"item\":\"https:\\\/\\\/www.asemakustannus.com\\\/kauppa\\\/\"},{\"@type\":\"ListItem\",\"position\":2,\"name\":\"Kauppa\",\"item\":\"https:\\\/\\\/www.asemakustannus.com\\\/kauppa\\\/kauppa\\\/\"},{\"@type\":\"ListItem\",\"position\":3,\"name\":\"Ville Ranta: Kuningas menett\u00e4\u00e4 p\u00e4\u00e4ns\u00e4\"}]},{\"@type\":\"WebSite\",\"@id\":\"https:\\\/\\\/www.asemakustannus.com\\\/kauppa\\\/#website\",\"url\":\"https:\\\/\\\/www.asemakustannus.com\\\/kauppa\\\/\",\"name\":\"Asema Kustannus\",\"description\":\"Sarjakuvakauppa\",\"publisher\":{\"@id\":\"https:\\\/\\\/www.asemakustannus.com\\\/kauppa\\\/#organization\"},\"potentialAction\":[{\"@type\":\"SearchAction\",\"target\":{\"@type\":\"EntryPoint\",\"urlTemplate\":\"https:\\\/\\\/www.asemakustannus.com\\\/kauppa\\\/?s={search_term_string}\"},\"query-input\":{\"@type\":\"PropertyValueSpecification\",\"valueRequired\":true,\"valueName\":\"search_term_string\"}}],\"inLanguage\":\"fi\"},{\"@type\":\"Organization\",\"@id\":\"https:\\\/\\\/www.asemakustannus.com\\\/kauppa\\\/#organization\",\"name\":\"Asema Kustannus\",\"url\":\"https:\\\/\\\/www.asemakustannus.com\\\/kauppa\\\/\",\"logo\":{\"@type\":\"ImageObject\",\"inLanguage\":\"fi\",\"@id\":\"https:\\\/\\\/www.asemakustannus.com\\\/kauppa\\\/#\\\/schema\\\/logo\\\/image\\\/\",\"url\":\"https:\\\/\\\/www.asemakustannus.com\\\/kauppa\\\/wp-content\\\/uploads\\\/2021\\\/09\\\/181007768_141578281313342_8780310787852686686_n-1.jpeg\",\"contentUrl\":\"https:\\\/\\\/www.asemakustannus.com\\\/kauppa\\\/wp-content\\\/uploads\\\/2021\\\/09\\\/181007768_141578281313342_8780310787852686686_n-1.jpeg\",\"width\":300,\"height\":333,\"caption\":\"Asema Kustannus\"},\"image\":{\"@id\":\"https:\\\/\\\/www.asemakustannus.com\\\/kauppa\\\/#\\\/schema\\\/logo\\\/image\\\/\"},\"sameAs\":[\"https:\\\/\\\/www.facebook.com\\\/asemakustannus\",\"https:\\\/\\\/x.com\\\/asemakustannus\",\"https:\\\/\\\/www.instagram.com\\\/asemakustannus\\\/\"]}]}<\/script>\n<!-- \/ Yoast SEO plugin. -->","yoast_head_json":{"title":"Ville Ranta: Kuningas menett\u00e4\u00e4 p\u00e4\u00e4ns\u00e4 - Asema Kustannus","robots":{"index":"index","follow":"follow","max-snippet":"max-snippet:-1","max-image-preview":"max-image-preview:large","max-video-preview":"max-video-preview:-1"},"canonical":"https:\/\/www.asemakustannus.com\/kauppa\/tuote\/ville-ranta-kuningas-menettaa-paansa\/","og_locale":"fi_FI","og_type":"article","og_title":"Ville Ranta: Kuningas menett\u00e4\u00e4 p\u00e4\u00e4ns\u00e4 - Asema Kustannus","og_description":"184 sivua | v\u00e4rillinen | kovakantinen WSOY 2018 ISBN 978-951-0431-43-6 Linnan katto vuotaa, narrin jutut eiv\u00e4t naurata, kukaan ei kunnioita. Eik\u00e4 seksik\u00e4\u00e4n maistu. Kuninkaalla alkaa horjua usko koko touhuun. Onneksi on pastori, joka tuntee l\u00e4\u00e4kkeen eksistentiaaliseen ahdistukseen. Kaksikko l\u00e4htee tarunhohtoiselle seikkailulle, miss\u00e4 olut virtaa, p\u00e4\u00e4t putoilevat ja naiset kellistet\u00e4\u00e4n \u2013 viel\u00e4 kerran. Kuningas menett\u00e4\u00e4 p\u00e4\u00e4ns\u00e4 [&hellip;]","og_url":"https:\/\/www.asemakustannus.com\/kauppa\/tuote\/ville-ranta-kuningas-menettaa-paansa\/","og_site_name":"Asema Kustannus","article_publisher":"https:\/\/www.facebook.com\/asemakustannus","article_modified_time":"2021-09-10T11:46:53+00:00","og_image":[{"width":800,"height":1180,"url":"https:\/\/www.asemakustannus.com\/kauppa\/wp-content\/uploads\/2021\/03\/kuningas_kansi-wsoy.jpg","type":"image\/jpeg"}],"twitter_card":"summary_large_image","twitter_site":"@asemakustannus","twitter_misc":{"Arvioitu lukuaika":"1 minuutti"},"schema":{"@context":"https:\/\/schema.org","@graph":[{"@type":"WebPage","@id":"https:\/\/www.asemakustannus.com\/kauppa\/tuote\/ville-ranta-kuningas-menettaa-paansa\/","url":"https:\/\/www.asemakustannus.com\/kauppa\/tuote\/ville-ranta-kuningas-menettaa-paansa\/","name":"Ville Ranta: Kuningas menett\u00e4\u00e4 p\u00e4\u00e4ns\u00e4 - Asema Kustannus","isPartOf":{"@id":"https:\/\/www.asemakustannus.com\/kauppa\/#website"},"primaryImageOfPage":{"@id":"https:\/\/www.asemakustannus.com\/kauppa\/tuote\/ville-ranta-kuningas-menettaa-paansa\/#primaryimage"},"image":{"@id":"https:\/\/www.asemakustannus.com\/kauppa\/tuote\/ville-ranta-kuningas-menettaa-paansa\/#primaryimage"},"thumbnailUrl":"https:\/\/i0.wp.com\/www.asemakustannus.com\/kauppa\/wp-content\/uploads\/2021\/03\/kuningas_kansi-wsoy.jpg?fit=800%2C1180&ssl=1","datePublished":"2021-03-23T11:49:53+00:00","dateModified":"2021-09-10T11:46:53+00:00","breadcrumb":{"@id":"https:\/\/www.asemakustannus.com\/kauppa\/tuote\/ville-ranta-kuningas-menettaa-paansa\/#breadcrumb"},"inLanguage":"fi","potentialAction":[{"@type":"ReadAction","target":["https:\/\/www.asemakustannus.com\/kauppa\/tuote\/ville-ranta-kuningas-menettaa-paansa\/"]}]},{"@type":"ImageObject","inLanguage":"fi","@id":"https:\/\/www.asemakustannus.com\/kauppa\/tuote\/ville-ranta-kuningas-menettaa-paansa\/#primaryimage","url":"https:\/\/i0.wp.com\/www.asemakustannus.com\/kauppa\/wp-content\/uploads\/2021\/03\/kuningas_kansi-wsoy.jpg?fit=800%2C1180&ssl=1","contentUrl":"https:\/\/i0.wp.com\/www.asemakustannus.com\/kauppa\/wp-content\/uploads\/2021\/03\/kuningas_kansi-wsoy.jpg?fit=800%2C1180&ssl=1","width":800,"height":1180},{"@type":"BreadcrumbList","@id":"https:\/\/www.asemakustannus.com\/kauppa\/tuote\/ville-ranta-kuningas-menettaa-paansa\/#breadcrumb","itemListElement":[{"@type":"ListItem","position":1,"name":"Home","item":"https:\/\/www.asemakustannus.com\/kauppa\/"},{"@type":"ListItem","position":2,"name":"Kauppa","item":"https:\/\/www.asemakustannus.com\/kauppa\/kauppa\/"},{"@type":"ListItem","position":3,"name":"Ville Ranta: Kuningas menett\u00e4\u00e4 p\u00e4\u00e4ns\u00e4"}]},{"@type":"WebSite","@id":"https:\/\/www.asemakustannus.com\/kauppa\/#website","url":"https:\/\/www.asemakustannus.com\/kauppa\/","name":"Asema Kustannus","description":"Sarjakuvakauppa","publisher":{"@id":"https:\/\/www.asemakustannus.com\/kauppa\/#organization"},"potentialAction":[{"@type":"SearchAction","target":{"@type":"EntryPoint","urlTemplate":"https:\/\/www.asemakustannus.com\/kauppa\/?s={search_term_string}"},"query-input":{"@type":"PropertyValueSpecification","valueRequired":true,"valueName":"search_term_string"}}],"inLanguage":"fi"},{"@type":"Organization","@id":"https:\/\/www.asemakustannus.com\/kauppa\/#organization","name":"Asema Kustannus","url":"https:\/\/www.asemakustannus.com\/kauppa\/","logo":{"@type":"ImageObject","inLanguage":"fi","@id":"https:\/\/www.asemakustannus.com\/kauppa\/#\/schema\/logo\/image\/","url":"https:\/\/www.asemakustannus.com\/kauppa\/wp-content\/uploads\/2021\/09\/181007768_141578281313342_8780310787852686686_n-1.jpeg","contentUrl":"https:\/\/www.asemakustannus.com\/kauppa\/wp-content\/uploads\/2021\/09\/181007768_141578281313342_8780310787852686686_n-1.jpeg","width":300,"height":333,"caption":"Asema Kustannus"},"image":{"@id":"https:\/\/www.asemakustannus.com\/kauppa\/#\/schema\/logo\/image\/"},"sameAs":["https:\/\/www.facebook.com\/asemakustannus","https:\/\/x.com\/asemakustannus","https:\/\/www.instagram.com\/asemakustannus\/"]}]}},"jetpack_sharing_enabled":true,"_links":{"self":[{"href":"https:\/\/www.asemakustannus.com\/kauppa\/wp-json\/wp\/v2\/product\/474","targetHints":{"allow":["GET"]}}],"collection":[{"href":"https:\/\/www.asemakustannus.com\/kauppa\/wp-json\/wp\/v2\/product"}],"about":[{"href":"https:\/\/www.asemakustannus.com\/kauppa\/wp-json\/wp\/v2\/types\/product"}],"wp:featuredmedia":[{"embeddable":true,"href":"https:\/\/www.asemakustannus.com\/kauppa\/wp-json\/wp\/v2\/media\/477"}],"wp:attachment":[{"href":"https:\/\/www.asemakustannus.com\/kauppa\/wp-json\/wp\/v2\/media?parent=474"}],"wp:term":[{"taxonomy":"product_brand","embeddable":true,"href":"https:\/\/www.asemakustannus.com\/kauppa\/wp-json\/wp\/v2\/product_brand?post=474"},{"taxonomy":"product_cat","embeddable":true,"href":"https:\/\/www.asemakustannus.com\/kauppa\/wp-json\/wp\/v2\/product_cat?post=474"},{"taxonomy":"product_tag","embeddable":true,"href":"https:\/\/www.asemakustannus.com\/kauppa\/wp-json\/wp\/v2\/product_tag?post=474"}],"curies":[{"name":"wp","href":"https:\/\/api.w.org\/{rel}","templated":true}]}}