{"id":489,"date":"2021-04-19T11:54:58","date_gmt":"2021-04-19T08:54:58","guid":{"rendered":"https:\/\/www.asemakustannus.com\/kauppa\/?post_type=product&#038;p=489"},"modified":"2024-01-15T16:13:02","modified_gmt":"2024-01-15T14:13:02","slug":"mika-lietzen-taipumaton-tanner","status":"publish","type":"product","link":"https:\/\/www.asemakustannus.com\/kauppa\/tuote\/mika-lietzen-taipumaton-tanner\/","title":{"rendered":"Mika Lietz\u00e9n: Taipumaton Tanner"},"content":{"rendered":"<p>104 sivua | neliv\u00e4ri | sidottu<\/p>\n<p>V\u00e4in\u00f6 Tannerin s\u00e4\u00e4ti\u00f6, 2021<\/p>\n<p>ISBN 978-951-98704-5-8<\/p>\n<p>Sarjakuvamuotoinen el\u00e4m\u00e4kerta.<\/p>\n<p>V\u00e4in\u00f6 Tanner (1881-1966) oli nuoren itsen\u00e4isen Suomen merkitt\u00e4vimpi\u00e4 poliitikkoja. Ty\u00f6l\u00e4isperheen lahjakkaan pojan tie ylioppilaasta ensimm\u00e4isen eduskunnan kansanedustajaksi ja edelleen pitk\u00e4aikaiseksi puoluejohtajaksi, ministeriksi ja osuusliikkeen toimitusjohtajaksi hakee vertaistaan maamme poliittisessa historiassa. Tanner koki eturiviss\u00e4 kaikki maamme alkutaipaleen k\u00e4\u00e4nnekohdat, sek\u00e4 menestykset ett\u00e4 koettelemukset. Taipumaton demokratian ja parlamentarismin puolustaja, Tanner toimi j\u00e4rjen \u00e4\u00e4nen\u00e4 kun nuorta valtiota repiv\u00e4t ensin vuoden 1918 sis\u00e4llissota ja my\u00f6hemmin 1930-luvun oikeistoradikaali liikehdint\u00e4. Suurimman haasteensa rauhan mies kohtasi sota-aikana, jolloin h\u00e4n onnistui torjumaan ulkoisen uhan maamme itsen\u00e4isyytt\u00e4 kohtaan \u2013 mutta maksoi siit\u00e4 kovan henkil\u00f6kohtaisen hinnan.<\/p>\n<p>Kaikkien mullistustenkin keskell\u00e4 Suomesta kehittyi vapaa, tasa-arvoinen ja oikeudenmukainen hyvinvointiyhteiskunta, joka on edelleen kaiken menestyksemme perusta. T\u00e4m\u00e4 sarjakuva kertoo Suomen tarinan yhden sen rakentajan silmin.<\/p>\n","protected":false},"excerpt":{"rendered":"<p>104 sivua | neliv\u00e4ri | sidottu V\u00e4in\u00f6 Tannerin s\u00e4\u00e4ti\u00f6, 2021 ISBN 978-951-98704-5-8 Sarjakuvamuotoinen el\u00e4m\u00e4kerta. V\u00e4in\u00f6 Tanner (1881-1966) oli nuoren itsen\u00e4isen Suomen merkitt\u00e4vimpi\u00e4 poliitikkoja. Ty\u00f6l\u00e4isperheen lahjakkaan pojan tie ylioppilaasta ensimm\u00e4isen eduskunnan kansanedustajaksi ja edelleen pitk\u00e4aikaiseksi puoluejohtajaksi, ministeriksi ja osuusliikkeen toimitusjohtajaksi hakee vertaistaan maamme poliittisessa historiassa. Tanner koki eturiviss\u00e4 kaikki maamme alkutaipaleen k\u00e4\u00e4nnekohdat, sek\u00e4 menestykset ett\u00e4 koettelemukset. [&hellip;]<\/p>\n","protected":false},"featured_media":490,"template":"","meta":[],"product_brand":[],"product_cat":[38],"product_tag":[48],"class_list":{"0":"post-489","1":"product","2":"type-product","3":"status-publish","4":"has-post-thumbnail","6":"product_cat-kirjat","7":"product_tag-mika-lietzen","8":"product_shipping_class-xxspaketti","10":"first","11":"outofstock","12":"shipping-taxable","13":"purchasable","14":"product-type-simple"},"yoast_head":"<!-- This site is optimized with the Yoast SEO plugin v27.3 - https:\/\/yoast.com\/product\/yoast-seo-wordpress\/ -->\n<title>Mika Lietz\u00e9n: Taipumaton Tanner - Asema Kustannus<\/title>\n<meta name=\"description\" content=\"V\u00e4in\u00f6 Tanner (1881-1966) oli nuoren itsen\u00e4isen Suomen merkitt\u00e4vimpi\u00e4 poliitikkoja. T\u00e4m\u00e4 sarjakuva kertoo h\u00e4nen el\u00e4m\u00e4ntarinansa.\" \/>\n<meta name=\"robots\" content=\"index, follow, max-snippet:-1, max-image-preview:large, max-video-preview:-1\" \/>\n<link rel=\"canonical\" href=\"https:\/\/www.asemakustannus.com\/kauppa\/tuote\/mika-lietzen-taipumaton-tanner\/\" \/>\n<meta property=\"og:locale\" content=\"fi_FI\" \/>\n<meta property=\"og:type\" content=\"article\" \/>\n<meta property=\"og:title\" content=\"Mika Lietz\u00e9n: Taipumaton Tanner - Asema Kustannus\" \/>\n<meta property=\"og:description\" content=\"V\u00e4in\u00f6 Tanner (1881-1966) oli nuoren itsen\u00e4isen Suomen merkitt\u00e4vimpi\u00e4 poliitikkoja. T\u00e4m\u00e4 sarjakuva kertoo h\u00e4nen el\u00e4m\u00e4ntarinansa.\" \/>\n<meta property=\"og:url\" content=\"https:\/\/www.asemakustannus.com\/kauppa\/tuote\/mika-lietzen-taipumaton-tanner\/\" \/>\n<meta property=\"og:site_name\" content=\"Asema Kustannus\" \/>\n<meta property=\"article:publisher\" content=\"https:\/\/www.facebook.com\/asemakustannus\" \/>\n<meta property=\"article:modified_time\" content=\"2024-01-15T14:13:02+00:00\" \/>\n<meta property=\"og:image\" content=\"https:\/\/www.asemakustannus.com\/kauppa\/wp-content\/uploads\/2021\/04\/Tanner_kansi.jpg\" \/>\n\t<meta property=\"og:image:width\" content=\"1200\" \/>\n\t<meta property=\"og:image:height\" content=\"1699\" \/>\n\t<meta property=\"og:image:type\" content=\"image\/jpeg\" \/>\n<meta name=\"twitter:card\" content=\"summary_large_image\" \/>\n<meta name=\"twitter:site\" content=\"@asemakustannus\" \/>\n<meta name=\"twitter:label1\" content=\"Arvioitu lukuaika\" \/>\n\t<meta name=\"twitter:data1\" content=\"1 minuutti\" \/>\n<script type=\"application\/ld+json\" class=\"yoast-schema-graph\">{\"@context\":\"https:\\\/\\\/schema.org\",\"@graph\":[{\"@type\":\"WebPage\",\"@id\":\"https:\\\/\\\/www.asemakustannus.com\\\/kauppa\\\/tuote\\\/mika-lietzen-taipumaton-tanner\\\/\",\"url\":\"https:\\\/\\\/www.asemakustannus.com\\\/kauppa\\\/tuote\\\/mika-lietzen-taipumaton-tanner\\\/\",\"name\":\"Mika Lietz\u00e9n: Taipumaton Tanner - Asema Kustannus\",\"isPartOf\":{\"@id\":\"https:\\\/\\\/www.asemakustannus.com\\\/kauppa\\\/#website\"},\"primaryImageOfPage\":{\"@id\":\"https:\\\/\\\/www.asemakustannus.com\\\/kauppa\\\/tuote\\\/mika-lietzen-taipumaton-tanner\\\/#primaryimage\"},\"image\":{\"@id\":\"https:\\\/\\\/www.asemakustannus.com\\\/kauppa\\\/tuote\\\/mika-lietzen-taipumaton-tanner\\\/#primaryimage\"},\"thumbnailUrl\":\"https:\\\/\\\/i0.wp.com\\\/www.asemakustannus.com\\\/kauppa\\\/wp-content\\\/uploads\\\/2021\\\/04\\\/Tanner_kansi.jpg?fit=1200%2C1699&ssl=1\",\"datePublished\":\"2021-04-19T08:54:58+00:00\",\"dateModified\":\"2024-01-15T14:13:02+00:00\",\"description\":\"V\u00e4in\u00f6 Tanner (1881-1966) oli nuoren itsen\u00e4isen Suomen merkitt\u00e4vimpi\u00e4 poliitikkoja. T\u00e4m\u00e4 sarjakuva kertoo h\u00e4nen el\u00e4m\u00e4ntarinansa.\",\"breadcrumb\":{\"@id\":\"https:\\\/\\\/www.asemakustannus.com\\\/kauppa\\\/tuote\\\/mika-lietzen-taipumaton-tanner\\\/#breadcrumb\"},\"inLanguage\":\"fi\",\"potentialAction\":[{\"@type\":\"ReadAction\",\"target\":[\"https:\\\/\\\/www.asemakustannus.com\\\/kauppa\\\/tuote\\\/mika-lietzen-taipumaton-tanner\\\/\"]}]},{\"@type\":\"ImageObject\",\"inLanguage\":\"fi\",\"@id\":\"https:\\\/\\\/www.asemakustannus.com\\\/kauppa\\\/tuote\\\/mika-lietzen-taipumaton-tanner\\\/#primaryimage\",\"url\":\"https:\\\/\\\/i0.wp.com\\\/www.asemakustannus.com\\\/kauppa\\\/wp-content\\\/uploads\\\/2021\\\/04\\\/Tanner_kansi.jpg?fit=1200%2C1699&ssl=1\",\"contentUrl\":\"https:\\\/\\\/i0.wp.com\\\/www.asemakustannus.com\\\/kauppa\\\/wp-content\\\/uploads\\\/2021\\\/04\\\/Tanner_kansi.jpg?fit=1200%2C1699&ssl=1\",\"width\":1200,\"height\":1699},{\"@type\":\"BreadcrumbList\",\"@id\":\"https:\\\/\\\/www.asemakustannus.com\\\/kauppa\\\/tuote\\\/mika-lietzen-taipumaton-tanner\\\/#breadcrumb\",\"itemListElement\":[{\"@type\":\"ListItem\",\"position\":1,\"name\":\"Home\",\"item\":\"https:\\\/\\\/www.asemakustannus.com\\\/kauppa\\\/\"},{\"@type\":\"ListItem\",\"position\":2,\"name\":\"Kauppa\",\"item\":\"https:\\\/\\\/www.asemakustannus.com\\\/kauppa\\\/kauppa\\\/\"},{\"@type\":\"ListItem\",\"position\":3,\"name\":\"Mika Lietz\u00e9n: Taipumaton Tanner\"}]},{\"@type\":\"WebSite\",\"@id\":\"https:\\\/\\\/www.asemakustannus.com\\\/kauppa\\\/#website\",\"url\":\"https:\\\/\\\/www.asemakustannus.com\\\/kauppa\\\/\",\"name\":\"Asema Kustannus\",\"description\":\"Sarjakuvakauppa\",\"publisher\":{\"@id\":\"https:\\\/\\\/www.asemakustannus.com\\\/kauppa\\\/#organization\"},\"potentialAction\":[{\"@type\":\"SearchAction\",\"target\":{\"@type\":\"EntryPoint\",\"urlTemplate\":\"https:\\\/\\\/www.asemakustannus.com\\\/kauppa\\\/?s={search_term_string}\"},\"query-input\":{\"@type\":\"PropertyValueSpecification\",\"valueRequired\":true,\"valueName\":\"search_term_string\"}}],\"inLanguage\":\"fi\"},{\"@type\":\"Organization\",\"@id\":\"https:\\\/\\\/www.asemakustannus.com\\\/kauppa\\\/#organization\",\"name\":\"Asema Kustannus\",\"url\":\"https:\\\/\\\/www.asemakustannus.com\\\/kauppa\\\/\",\"logo\":{\"@type\":\"ImageObject\",\"inLanguage\":\"fi\",\"@id\":\"https:\\\/\\\/www.asemakustannus.com\\\/kauppa\\\/#\\\/schema\\\/logo\\\/image\\\/\",\"url\":\"https:\\\/\\\/www.asemakustannus.com\\\/kauppa\\\/wp-content\\\/uploads\\\/2021\\\/09\\\/181007768_141578281313342_8780310787852686686_n-1.jpeg\",\"contentUrl\":\"https:\\\/\\\/www.asemakustannus.com\\\/kauppa\\\/wp-content\\\/uploads\\\/2021\\\/09\\\/181007768_141578281313342_8780310787852686686_n-1.jpeg\",\"width\":300,\"height\":333,\"caption\":\"Asema Kustannus\"},\"image\":{\"@id\":\"https:\\\/\\\/www.asemakustannus.com\\\/kauppa\\\/#\\\/schema\\\/logo\\\/image\\\/\"},\"sameAs\":[\"https:\\\/\\\/www.facebook.com\\\/asemakustannus\",\"https:\\\/\\\/x.com\\\/asemakustannus\",\"https:\\\/\\\/www.instagram.com\\\/asemakustannus\\\/\"]}]}<\/script>\n<!-- \/ Yoast SEO plugin. -->","yoast_head_json":{"title":"Mika Lietz\u00e9n: Taipumaton Tanner - Asema Kustannus","description":"V\u00e4in\u00f6 Tanner (1881-1966) oli nuoren itsen\u00e4isen Suomen merkitt\u00e4vimpi\u00e4 poliitikkoja. T\u00e4m\u00e4 sarjakuva kertoo h\u00e4nen el\u00e4m\u00e4ntarinansa.","robots":{"index":"index","follow":"follow","max-snippet":"max-snippet:-1","max-image-preview":"max-image-preview:large","max-video-preview":"max-video-preview:-1"},"canonical":"https:\/\/www.asemakustannus.com\/kauppa\/tuote\/mika-lietzen-taipumaton-tanner\/","og_locale":"fi_FI","og_type":"article","og_title":"Mika Lietz\u00e9n: Taipumaton Tanner - Asema Kustannus","og_description":"V\u00e4in\u00f6 Tanner (1881-1966) oli nuoren itsen\u00e4isen Suomen merkitt\u00e4vimpi\u00e4 poliitikkoja. T\u00e4m\u00e4 sarjakuva kertoo h\u00e4nen el\u00e4m\u00e4ntarinansa.","og_url":"https:\/\/www.asemakustannus.com\/kauppa\/tuote\/mika-lietzen-taipumaton-tanner\/","og_site_name":"Asema Kustannus","article_publisher":"https:\/\/www.facebook.com\/asemakustannus","article_modified_time":"2024-01-15T14:13:02+00:00","og_image":[{"width":1200,"height":1699,"url":"https:\/\/www.asemakustannus.com\/kauppa\/wp-content\/uploads\/2021\/04\/Tanner_kansi.jpg","type":"image\/jpeg"}],"twitter_card":"summary_large_image","twitter_site":"@asemakustannus","twitter_misc":{"Arvioitu lukuaika":"1 minuutti"},"schema":{"@context":"https:\/\/schema.org","@graph":[{"@type":"WebPage","@id":"https:\/\/www.asemakustannus.com\/kauppa\/tuote\/mika-lietzen-taipumaton-tanner\/","url":"https:\/\/www.asemakustannus.com\/kauppa\/tuote\/mika-lietzen-taipumaton-tanner\/","name":"Mika Lietz\u00e9n: Taipumaton Tanner - Asema Kustannus","isPartOf":{"@id":"https:\/\/www.asemakustannus.com\/kauppa\/#website"},"primaryImageOfPage":{"@id":"https:\/\/www.asemakustannus.com\/kauppa\/tuote\/mika-lietzen-taipumaton-tanner\/#primaryimage"},"image":{"@id":"https:\/\/www.asemakustannus.com\/kauppa\/tuote\/mika-lietzen-taipumaton-tanner\/#primaryimage"},"thumbnailUrl":"https:\/\/i0.wp.com\/www.asemakustannus.com\/kauppa\/wp-content\/uploads\/2021\/04\/Tanner_kansi.jpg?fit=1200%2C1699&ssl=1","datePublished":"2021-04-19T08:54:58+00:00","dateModified":"2024-01-15T14:13:02+00:00","description":"V\u00e4in\u00f6 Tanner (1881-1966) oli nuoren itsen\u00e4isen Suomen merkitt\u00e4vimpi\u00e4 poliitikkoja. T\u00e4m\u00e4 sarjakuva kertoo h\u00e4nen el\u00e4m\u00e4ntarinansa.","breadcrumb":{"@id":"https:\/\/www.asemakustannus.com\/kauppa\/tuote\/mika-lietzen-taipumaton-tanner\/#breadcrumb"},"inLanguage":"fi","potentialAction":[{"@type":"ReadAction","target":["https:\/\/www.asemakustannus.com\/kauppa\/tuote\/mika-lietzen-taipumaton-tanner\/"]}]},{"@type":"ImageObject","inLanguage":"fi","@id":"https:\/\/www.asemakustannus.com\/kauppa\/tuote\/mika-lietzen-taipumaton-tanner\/#primaryimage","url":"https:\/\/i0.wp.com\/www.asemakustannus.com\/kauppa\/wp-content\/uploads\/2021\/04\/Tanner_kansi.jpg?fit=1200%2C1699&ssl=1","contentUrl":"https:\/\/i0.wp.com\/www.asemakustannus.com\/kauppa\/wp-content\/uploads\/2021\/04\/Tanner_kansi.jpg?fit=1200%2C1699&ssl=1","width":1200,"height":1699},{"@type":"BreadcrumbList","@id":"https:\/\/www.asemakustannus.com\/kauppa\/tuote\/mika-lietzen-taipumaton-tanner\/#breadcrumb","itemListElement":[{"@type":"ListItem","position":1,"name":"Home","item":"https:\/\/www.asemakustannus.com\/kauppa\/"},{"@type":"ListItem","position":2,"name":"Kauppa","item":"https:\/\/www.asemakustannus.com\/kauppa\/kauppa\/"},{"@type":"ListItem","position":3,"name":"Mika Lietz\u00e9n: Taipumaton Tanner"}]},{"@type":"WebSite","@id":"https:\/\/www.asemakustannus.com\/kauppa\/#website","url":"https:\/\/www.asemakustannus.com\/kauppa\/","name":"Asema Kustannus","description":"Sarjakuvakauppa","publisher":{"@id":"https:\/\/www.asemakustannus.com\/kauppa\/#organization"},"potentialAction":[{"@type":"SearchAction","target":{"@type":"EntryPoint","urlTemplate":"https:\/\/www.asemakustannus.com\/kauppa\/?s={search_term_string}"},"query-input":{"@type":"PropertyValueSpecification","valueRequired":true,"valueName":"search_term_string"}}],"inLanguage":"fi"},{"@type":"Organization","@id":"https:\/\/www.asemakustannus.com\/kauppa\/#organization","name":"Asema Kustannus","url":"https:\/\/www.asemakustannus.com\/kauppa\/","logo":{"@type":"ImageObject","inLanguage":"fi","@id":"https:\/\/www.asemakustannus.com\/kauppa\/#\/schema\/logo\/image\/","url":"https:\/\/www.asemakustannus.com\/kauppa\/wp-content\/uploads\/2021\/09\/181007768_141578281313342_8780310787852686686_n-1.jpeg","contentUrl":"https:\/\/www.asemakustannus.com\/kauppa\/wp-content\/uploads\/2021\/09\/181007768_141578281313342_8780310787852686686_n-1.jpeg","width":300,"height":333,"caption":"Asema Kustannus"},"image":{"@id":"https:\/\/www.asemakustannus.com\/kauppa\/#\/schema\/logo\/image\/"},"sameAs":["https:\/\/www.facebook.com\/asemakustannus","https:\/\/x.com\/asemakustannus","https:\/\/www.instagram.com\/asemakustannus\/"]}]}},"jetpack_sharing_enabled":true,"_links":{"self":[{"href":"https:\/\/www.asemakustannus.com\/kauppa\/wp-json\/wp\/v2\/product\/489","targetHints":{"allow":["GET"]}}],"collection":[{"href":"https:\/\/www.asemakustannus.com\/kauppa\/wp-json\/wp\/v2\/product"}],"about":[{"href":"https:\/\/www.asemakustannus.com\/kauppa\/wp-json\/wp\/v2\/types\/product"}],"wp:featuredmedia":[{"embeddable":true,"href":"https:\/\/www.asemakustannus.com\/kauppa\/wp-json\/wp\/v2\/media\/490"}],"wp:attachment":[{"href":"https:\/\/www.asemakustannus.com\/kauppa\/wp-json\/wp\/v2\/media?parent=489"}],"wp:term":[{"taxonomy":"product_brand","embeddable":true,"href":"https:\/\/www.asemakustannus.com\/kauppa\/wp-json\/wp\/v2\/product_brand?post=489"},{"taxonomy":"product_cat","embeddable":true,"href":"https:\/\/www.asemakustannus.com\/kauppa\/wp-json\/wp\/v2\/product_cat?post=489"},{"taxonomy":"product_tag","embeddable":true,"href":"https:\/\/www.asemakustannus.com\/kauppa\/wp-json\/wp\/v2\/product_tag?post=489"}],"curies":[{"name":"wp","href":"https:\/\/api.w.org\/{rel}","templated":true}]}}