{"id":704,"date":"2022-08-01T08:29:48","date_gmt":"2022-08-01T05:29:48","guid":{"rendered":"https:\/\/www.asemakustannus.com\/kauppa\/?post_type=product&#038;p=704"},"modified":"2022-08-01T08:41:56","modified_gmt":"2022-08-01T05:41:56","slug":"altan-kolumbus-eraan-haahuilijan-tragedia","status":"publish","type":"product","link":"https:\/\/www.asemakustannus.com\/kauppa\/tuote\/altan-kolumbus-eraan-haahuilijan-tragedia\/","title":{"rendered":"Altan: Kolumbus \u2013 Er\u00e4\u00e4n haahuilijan tragedia"},"content":{"rendered":"<p>88 sivua | osittain v\u00e4rillinen, osittain mustavalkoinen | sidottu<\/p>\n<p>Asema, Zum Teufel, T\u00e4ysi K\u00e4si, 2022<\/p>\n<p>ISBN 978-952-5909-39-5<\/p>\n<p>Suomennos: Heikki Kaukoranta<\/p>\n<p>Tekstaus: Timo Ronkainen (fontti), Mika Lietz\u00e9n (ladonta)<\/p>\n<p>Kristoffer Kolumbus harhailee kurjan ja petollisen miehist\u00f6ns\u00e4 kanssa tuntemattomilla vesill\u00e4 tuntematta my\u00f6sk\u00e4\u00e4n kompassin toimintaa. H\u00e4nen uskonsa horjuu, mutta kajuutan l\u00e4mm\u00f6ss\u00e4 h\u00e4n muistelee nuoruuttaan, miten h\u00e4n nousi saastaisen viinituvan tarjoilijasta kuningattaren petikaveriksi ja lopulta ylipuhumaan Salamancan tohtorit rahoittamaan suurta matkaansa Intioihin \u2013 l\u00e4nnen kautta!<\/p>\n<p>Kolumuksen satiirinen el\u00e4m\u00e4kerta on Altanin kolmas suomennettu teos. Aiemmin ovat ilmestyneet Ada viidakossa (2018) ja Ada Macaossa (2020). Teoksen on suomentanut Heikki Kaukoranta. Sen julkaisevat yhteisty\u00f6ss\u00e4 kolme kustantamoa, Asema, Zum Teufel ja T\u00e4ysi K\u00e4si. Kolumbus on ilmestynyt alunperin vuonna 1979.<\/p>\n<p>Francesco Tullio Altan (s. 1942) on merkitt\u00e4v\u00e4 italialainen sarjakuvataiteilija, jonka k\u00e4sist\u00e4 on syntynyt yli 7500 pilapiirrosta, tusina eeppist\u00e4 sarjakuvateosta sek\u00e4 kymmeni\u00e4 lastenkirjoja.<\/p>\n","protected":false},"excerpt":{"rendered":"<p>88 sivua | osittain v\u00e4rillinen, osittain mustavalkoinen | sidottu Asema, Zum Teufel, T\u00e4ysi K\u00e4si, 2022 ISBN 978-952-5909-39-5 Suomennos: Heikki Kaukoranta Tekstaus: Timo Ronkainen (fontti), Mika Lietz\u00e9n (ladonta) Kristoffer Kolumbus harhailee kurjan ja petollisen miehist\u00f6ns\u00e4 kanssa tuntemattomilla vesill\u00e4 tuntematta my\u00f6sk\u00e4\u00e4n kompassin toimintaa. H\u00e4nen uskonsa horjuu, mutta kajuutan l\u00e4mm\u00f6ss\u00e4 h\u00e4n muistelee nuoruuttaan, miten h\u00e4n nousi saastaisen viinituvan [&hellip;]<\/p>\n","protected":false},"featured_media":705,"template":"","meta":[],"product_brand":[],"product_cat":[38],"product_tag":[44,45],"class_list":{"0":"post-704","1":"product","2":"type-product","3":"status-publish","4":"has-post-thumbnail","6":"product_cat-kirjat","7":"product_tag-ada","8":"product_tag-altan","9":"product_shipping_class-xxspaketti","11":"first","12":"instock","13":"shipping-taxable","14":"purchasable","15":"product-type-simple"},"yoast_head":"<!-- This site is optimized with the Yoast SEO plugin v27.3 - https:\/\/yoast.com\/product\/yoast-seo-wordpress\/ -->\n<title>Altan: Kolumbus \u2013 Er\u00e4\u00e4n haahuilijan tragedia - Asema Kustannus<\/title>\n<meta name=\"description\" content=\"Vuosi 1974 tai oikeastaan vuosi 1963. Macao, prostituoitujen, vihreiden barettien ja muiden tyyppien sekamelska, maailmanpolitiikan sulatusuuni! Saigon, JFK, Washington Post \u2013 ja Ada!\" \/>\n<meta name=\"robots\" content=\"index, follow, max-snippet:-1, max-image-preview:large, max-video-preview:-1\" \/>\n<link rel=\"canonical\" href=\"https:\/\/www.asemakustannus.com\/kauppa\/tuote\/altan-kolumbus-eraan-haahuilijan-tragedia\/\" \/>\n<meta property=\"og:locale\" content=\"fi_FI\" \/>\n<meta property=\"og:type\" content=\"article\" \/>\n<meta property=\"og:title\" content=\"Altan: Kolumbus \u2013 Er\u00e4\u00e4n haahuilijan tragedia - Asema Kustannus\" \/>\n<meta property=\"og:description\" content=\"Vuosi 1974 tai oikeastaan vuosi 1963. Macao, prostituoitujen, vihreiden barettien ja muiden tyyppien sekamelska, maailmanpolitiikan sulatusuuni! Saigon, JFK, Washington Post \u2013 ja Ada!\" \/>\n<meta property=\"og:url\" content=\"https:\/\/www.asemakustannus.com\/kauppa\/tuote\/altan-kolumbus-eraan-haahuilijan-tragedia\/\" \/>\n<meta property=\"og:site_name\" content=\"Asema Kustannus\" \/>\n<meta property=\"article:publisher\" content=\"https:\/\/www.facebook.com\/asemakustannus\" \/>\n<meta property=\"article:modified_time\" content=\"2022-08-01T05:41:56+00:00\" \/>\n<meta property=\"og:image\" content=\"https:\/\/www.asemakustannus.com\/kauppa\/wp-content\/uploads\/2022\/08\/kolumbus_kansi_1500px.jpg\" \/>\n\t<meta property=\"og:image:width\" content=\"1500\" \/>\n\t<meta property=\"og:image:height\" content=\"2014\" \/>\n\t<meta property=\"og:image:type\" content=\"image\/jpeg\" \/>\n<meta name=\"twitter:card\" content=\"summary_large_image\" \/>\n<meta name=\"twitter:site\" content=\"@asemakustannus\" \/>\n<meta name=\"twitter:label1\" content=\"Arvioitu lukuaika\" \/>\n\t<meta name=\"twitter:data1\" content=\"1 minuutti\" \/>\n<script type=\"application\/ld+json\" class=\"yoast-schema-graph\">{\"@context\":\"https:\\\/\\\/schema.org\",\"@graph\":[{\"@type\":\"WebPage\",\"@id\":\"https:\\\/\\\/www.asemakustannus.com\\\/kauppa\\\/tuote\\\/altan-kolumbus-eraan-haahuilijan-tragedia\\\/\",\"url\":\"https:\\\/\\\/www.asemakustannus.com\\\/kauppa\\\/tuote\\\/altan-kolumbus-eraan-haahuilijan-tragedia\\\/\",\"name\":\"Altan: Kolumbus \u2013 Er\u00e4\u00e4n haahuilijan tragedia - Asema Kustannus\",\"isPartOf\":{\"@id\":\"https:\\\/\\\/www.asemakustannus.com\\\/kauppa\\\/#website\"},\"primaryImageOfPage\":{\"@id\":\"https:\\\/\\\/www.asemakustannus.com\\\/kauppa\\\/tuote\\\/altan-kolumbus-eraan-haahuilijan-tragedia\\\/#primaryimage\"},\"image\":{\"@id\":\"https:\\\/\\\/www.asemakustannus.com\\\/kauppa\\\/tuote\\\/altan-kolumbus-eraan-haahuilijan-tragedia\\\/#primaryimage\"},\"thumbnailUrl\":\"https:\\\/\\\/i0.wp.com\\\/www.asemakustannus.com\\\/kauppa\\\/wp-content\\\/uploads\\\/2022\\\/08\\\/kolumbus_kansi_1500px.jpg?fit=1500%2C2014&ssl=1\",\"datePublished\":\"2022-08-01T05:29:48+00:00\",\"dateModified\":\"2022-08-01T05:41:56+00:00\",\"description\":\"Vuosi 1974 tai oikeastaan vuosi 1963. Macao, prostituoitujen, vihreiden barettien ja muiden tyyppien sekamelska, maailmanpolitiikan sulatusuuni! Saigon, JFK, Washington Post \u2013 ja Ada!\",\"breadcrumb\":{\"@id\":\"https:\\\/\\\/www.asemakustannus.com\\\/kauppa\\\/tuote\\\/altan-kolumbus-eraan-haahuilijan-tragedia\\\/#breadcrumb\"},\"inLanguage\":\"fi\",\"potentialAction\":[{\"@type\":\"ReadAction\",\"target\":[\"https:\\\/\\\/www.asemakustannus.com\\\/kauppa\\\/tuote\\\/altan-kolumbus-eraan-haahuilijan-tragedia\\\/\"]}]},{\"@type\":\"ImageObject\",\"inLanguage\":\"fi\",\"@id\":\"https:\\\/\\\/www.asemakustannus.com\\\/kauppa\\\/tuote\\\/altan-kolumbus-eraan-haahuilijan-tragedia\\\/#primaryimage\",\"url\":\"https:\\\/\\\/i0.wp.com\\\/www.asemakustannus.com\\\/kauppa\\\/wp-content\\\/uploads\\\/2022\\\/08\\\/kolumbus_kansi_1500px.jpg?fit=1500%2C2014&ssl=1\",\"contentUrl\":\"https:\\\/\\\/i0.wp.com\\\/www.asemakustannus.com\\\/kauppa\\\/wp-content\\\/uploads\\\/2022\\\/08\\\/kolumbus_kansi_1500px.jpg?fit=1500%2C2014&ssl=1\",\"width\":1500,\"height\":2014},{\"@type\":\"BreadcrumbList\",\"@id\":\"https:\\\/\\\/www.asemakustannus.com\\\/kauppa\\\/tuote\\\/altan-kolumbus-eraan-haahuilijan-tragedia\\\/#breadcrumb\",\"itemListElement\":[{\"@type\":\"ListItem\",\"position\":1,\"name\":\"Home\",\"item\":\"https:\\\/\\\/www.asemakustannus.com\\\/kauppa\\\/\"},{\"@type\":\"ListItem\",\"position\":2,\"name\":\"Kauppa\",\"item\":\"https:\\\/\\\/www.asemakustannus.com\\\/kauppa\\\/kauppa\\\/\"},{\"@type\":\"ListItem\",\"position\":3,\"name\":\"Altan: Kolumbus \u2013 Er\u00e4\u00e4n haahuilijan tragedia\"}]},{\"@type\":\"WebSite\",\"@id\":\"https:\\\/\\\/www.asemakustannus.com\\\/kauppa\\\/#website\",\"url\":\"https:\\\/\\\/www.asemakustannus.com\\\/kauppa\\\/\",\"name\":\"Asema Kustannus\",\"description\":\"Sarjakuvakauppa\",\"publisher\":{\"@id\":\"https:\\\/\\\/www.asemakustannus.com\\\/kauppa\\\/#organization\"},\"potentialAction\":[{\"@type\":\"SearchAction\",\"target\":{\"@type\":\"EntryPoint\",\"urlTemplate\":\"https:\\\/\\\/www.asemakustannus.com\\\/kauppa\\\/?s={search_term_string}\"},\"query-input\":{\"@type\":\"PropertyValueSpecification\",\"valueRequired\":true,\"valueName\":\"search_term_string\"}}],\"inLanguage\":\"fi\"},{\"@type\":\"Organization\",\"@id\":\"https:\\\/\\\/www.asemakustannus.com\\\/kauppa\\\/#organization\",\"name\":\"Asema Kustannus\",\"url\":\"https:\\\/\\\/www.asemakustannus.com\\\/kauppa\\\/\",\"logo\":{\"@type\":\"ImageObject\",\"inLanguage\":\"fi\",\"@id\":\"https:\\\/\\\/www.asemakustannus.com\\\/kauppa\\\/#\\\/schema\\\/logo\\\/image\\\/\",\"url\":\"https:\\\/\\\/www.asemakustannus.com\\\/kauppa\\\/wp-content\\\/uploads\\\/2021\\\/09\\\/181007768_141578281313342_8780310787852686686_n-1.jpeg\",\"contentUrl\":\"https:\\\/\\\/www.asemakustannus.com\\\/kauppa\\\/wp-content\\\/uploads\\\/2021\\\/09\\\/181007768_141578281313342_8780310787852686686_n-1.jpeg\",\"width\":300,\"height\":333,\"caption\":\"Asema Kustannus\"},\"image\":{\"@id\":\"https:\\\/\\\/www.asemakustannus.com\\\/kauppa\\\/#\\\/schema\\\/logo\\\/image\\\/\"},\"sameAs\":[\"https:\\\/\\\/www.facebook.com\\\/asemakustannus\",\"https:\\\/\\\/x.com\\\/asemakustannus\",\"https:\\\/\\\/www.instagram.com\\\/asemakustannus\\\/\"]}]}<\/script>\n<!-- \/ Yoast SEO plugin. -->","yoast_head_json":{"title":"Altan: Kolumbus \u2013 Er\u00e4\u00e4n haahuilijan tragedia - Asema Kustannus","description":"Vuosi 1974 tai oikeastaan vuosi 1963. Macao, prostituoitujen, vihreiden barettien ja muiden tyyppien sekamelska, maailmanpolitiikan sulatusuuni! Saigon, JFK, Washington Post \u2013 ja Ada!","robots":{"index":"index","follow":"follow","max-snippet":"max-snippet:-1","max-image-preview":"max-image-preview:large","max-video-preview":"max-video-preview:-1"},"canonical":"https:\/\/www.asemakustannus.com\/kauppa\/tuote\/altan-kolumbus-eraan-haahuilijan-tragedia\/","og_locale":"fi_FI","og_type":"article","og_title":"Altan: Kolumbus \u2013 Er\u00e4\u00e4n haahuilijan tragedia - Asema Kustannus","og_description":"Vuosi 1974 tai oikeastaan vuosi 1963. Macao, prostituoitujen, vihreiden barettien ja muiden tyyppien sekamelska, maailmanpolitiikan sulatusuuni! Saigon, JFK, Washington Post \u2013 ja Ada!","og_url":"https:\/\/www.asemakustannus.com\/kauppa\/tuote\/altan-kolumbus-eraan-haahuilijan-tragedia\/","og_site_name":"Asema Kustannus","article_publisher":"https:\/\/www.facebook.com\/asemakustannus","article_modified_time":"2022-08-01T05:41:56+00:00","og_image":[{"width":1500,"height":2014,"url":"https:\/\/www.asemakustannus.com\/kauppa\/wp-content\/uploads\/2022\/08\/kolumbus_kansi_1500px.jpg","type":"image\/jpeg"}],"twitter_card":"summary_large_image","twitter_site":"@asemakustannus","twitter_misc":{"Arvioitu lukuaika":"1 minuutti"},"schema":{"@context":"https:\/\/schema.org","@graph":[{"@type":"WebPage","@id":"https:\/\/www.asemakustannus.com\/kauppa\/tuote\/altan-kolumbus-eraan-haahuilijan-tragedia\/","url":"https:\/\/www.asemakustannus.com\/kauppa\/tuote\/altan-kolumbus-eraan-haahuilijan-tragedia\/","name":"Altan: Kolumbus \u2013 Er\u00e4\u00e4n haahuilijan tragedia - Asema Kustannus","isPartOf":{"@id":"https:\/\/www.asemakustannus.com\/kauppa\/#website"},"primaryImageOfPage":{"@id":"https:\/\/www.asemakustannus.com\/kauppa\/tuote\/altan-kolumbus-eraan-haahuilijan-tragedia\/#primaryimage"},"image":{"@id":"https:\/\/www.asemakustannus.com\/kauppa\/tuote\/altan-kolumbus-eraan-haahuilijan-tragedia\/#primaryimage"},"thumbnailUrl":"https:\/\/i0.wp.com\/www.asemakustannus.com\/kauppa\/wp-content\/uploads\/2022\/08\/kolumbus_kansi_1500px.jpg?fit=1500%2C2014&ssl=1","datePublished":"2022-08-01T05:29:48+00:00","dateModified":"2022-08-01T05:41:56+00:00","description":"Vuosi 1974 tai oikeastaan vuosi 1963. Macao, prostituoitujen, vihreiden barettien ja muiden tyyppien sekamelska, maailmanpolitiikan sulatusuuni! Saigon, JFK, Washington Post \u2013 ja Ada!","breadcrumb":{"@id":"https:\/\/www.asemakustannus.com\/kauppa\/tuote\/altan-kolumbus-eraan-haahuilijan-tragedia\/#breadcrumb"},"inLanguage":"fi","potentialAction":[{"@type":"ReadAction","target":["https:\/\/www.asemakustannus.com\/kauppa\/tuote\/altan-kolumbus-eraan-haahuilijan-tragedia\/"]}]},{"@type":"ImageObject","inLanguage":"fi","@id":"https:\/\/www.asemakustannus.com\/kauppa\/tuote\/altan-kolumbus-eraan-haahuilijan-tragedia\/#primaryimage","url":"https:\/\/i0.wp.com\/www.asemakustannus.com\/kauppa\/wp-content\/uploads\/2022\/08\/kolumbus_kansi_1500px.jpg?fit=1500%2C2014&ssl=1","contentUrl":"https:\/\/i0.wp.com\/www.asemakustannus.com\/kauppa\/wp-content\/uploads\/2022\/08\/kolumbus_kansi_1500px.jpg?fit=1500%2C2014&ssl=1","width":1500,"height":2014},{"@type":"BreadcrumbList","@id":"https:\/\/www.asemakustannus.com\/kauppa\/tuote\/altan-kolumbus-eraan-haahuilijan-tragedia\/#breadcrumb","itemListElement":[{"@type":"ListItem","position":1,"name":"Home","item":"https:\/\/www.asemakustannus.com\/kauppa\/"},{"@type":"ListItem","position":2,"name":"Kauppa","item":"https:\/\/www.asemakustannus.com\/kauppa\/kauppa\/"},{"@type":"ListItem","position":3,"name":"Altan: Kolumbus \u2013 Er\u00e4\u00e4n haahuilijan tragedia"}]},{"@type":"WebSite","@id":"https:\/\/www.asemakustannus.com\/kauppa\/#website","url":"https:\/\/www.asemakustannus.com\/kauppa\/","name":"Asema Kustannus","description":"Sarjakuvakauppa","publisher":{"@id":"https:\/\/www.asemakustannus.com\/kauppa\/#organization"},"potentialAction":[{"@type":"SearchAction","target":{"@type":"EntryPoint","urlTemplate":"https:\/\/www.asemakustannus.com\/kauppa\/?s={search_term_string}"},"query-input":{"@type":"PropertyValueSpecification","valueRequired":true,"valueName":"search_term_string"}}],"inLanguage":"fi"},{"@type":"Organization","@id":"https:\/\/www.asemakustannus.com\/kauppa\/#organization","name":"Asema Kustannus","url":"https:\/\/www.asemakustannus.com\/kauppa\/","logo":{"@type":"ImageObject","inLanguage":"fi","@id":"https:\/\/www.asemakustannus.com\/kauppa\/#\/schema\/logo\/image\/","url":"https:\/\/www.asemakustannus.com\/kauppa\/wp-content\/uploads\/2021\/09\/181007768_141578281313342_8780310787852686686_n-1.jpeg","contentUrl":"https:\/\/www.asemakustannus.com\/kauppa\/wp-content\/uploads\/2021\/09\/181007768_141578281313342_8780310787852686686_n-1.jpeg","width":300,"height":333,"caption":"Asema Kustannus"},"image":{"@id":"https:\/\/www.asemakustannus.com\/kauppa\/#\/schema\/logo\/image\/"},"sameAs":["https:\/\/www.facebook.com\/asemakustannus","https:\/\/x.com\/asemakustannus","https:\/\/www.instagram.com\/asemakustannus\/"]}]}},"jetpack_sharing_enabled":true,"_links":{"self":[{"href":"https:\/\/www.asemakustannus.com\/kauppa\/wp-json\/wp\/v2\/product\/704","targetHints":{"allow":["GET"]}}],"collection":[{"href":"https:\/\/www.asemakustannus.com\/kauppa\/wp-json\/wp\/v2\/product"}],"about":[{"href":"https:\/\/www.asemakustannus.com\/kauppa\/wp-json\/wp\/v2\/types\/product"}],"wp:featuredmedia":[{"embeddable":true,"href":"https:\/\/www.asemakustannus.com\/kauppa\/wp-json\/wp\/v2\/media\/705"}],"wp:attachment":[{"href":"https:\/\/www.asemakustannus.com\/kauppa\/wp-json\/wp\/v2\/media?parent=704"}],"wp:term":[{"taxonomy":"product_brand","embeddable":true,"href":"https:\/\/www.asemakustannus.com\/kauppa\/wp-json\/wp\/v2\/product_brand?post=704"},{"taxonomy":"product_cat","embeddable":true,"href":"https:\/\/www.asemakustannus.com\/kauppa\/wp-json\/wp\/v2\/product_cat?post=704"},{"taxonomy":"product_tag","embeddable":true,"href":"https:\/\/www.asemakustannus.com\/kauppa\/wp-json\/wp\/v2\/product_tag?post=704"}],"curies":[{"name":"wp","href":"https:\/\/api.w.org\/{rel}","templated":true}]}}